{"id":102,"date":"2012-03-16T20:30:50","date_gmt":"2012-03-16T20:30:50","guid":{"rendered":"?page_id=102"},"modified":"2023-02-13T00:39:53","modified_gmt":"2023-02-12T23:39:53","slug":"drzavni-prazniki-v-sloveniji","status":"publish","type":"page","link":"https:\/\/slovenci.rs\/sl\/prazniki\/drzavni-prazniki-v-sloveniji\/","title":{"rendered":"DR\u017dAVNI PRAZNIKI V SLOVENIJI"},"content":{"rendered":"<p><strong>1 . in 2. januar<\/strong> &#8211; novo leto<br \/>\n<strong>8. februar<\/strong> &#8211; Pre\u0161ernov dan, slovenski kulturni praznik<br \/>\n<strong>27. april<\/strong> &#8211; dan upora proti okupatorju<br \/>\n<strong>1 . in 2. maj<\/strong> &#8211; praznik dela<br \/>\n<strong>25. junij<\/strong> &#8211; dan dr\u017eavnosti<br \/>\n<strong>17. avgust<\/strong> &#8211; dan zdru\u017eitve prekmurskih Slovencev z mati\u010dnim narodom po prvi svetovni vojni (ni dela prost dan)<br \/>\n<strong>15. september<\/strong> &#8211; dan vrnitve Primorske k mati\u010dni domovini (ni dela prost dan)<br \/>\n<strong>31. oktober<\/strong> &#8211; dan reformacije<br \/>\n<strong>1. november<\/strong> &#8211; dan spomina na mrtve<br \/>\n<strong>23. november<\/strong> &#8211; dan Rudolfa Maistra (ni dela prost dan)<br \/>\n<strong>26. december<\/strong> &#8211; dan samostojnosti in enotnosti<\/p>","protected":false},"excerpt":{"rendered":"<p>1 . in 2. januar &#8211; novo leto 8. februar &#8211; Pre\u0161ernov dan, slovenski kulturni praznik 27. april &#8211; dan upora proti okupatorju 1 . in 2. maj &#8211; praznik dela 25. junij &#8211; dan dr\u017eavnosti 17. avgust &#8211; dan zdru\u017eitve prekmurskih Slovencev z mati\u010dnim narodom po prvi svetovni vojni (ni dela prost dan) 15. [&hellip;]<\/p>\n","protected":false},"author":1,"featured_media":0,"parent":21,"menu_order":1,"comment_status":"closed","ping_status":"closed","template":"","meta":{"footnotes":""},"class_list":["post-102","page","type-page","status-publish","hentry","post"],"_links":{"self":[{"href":"https:\/\/slovenci.rs\/sl\/wp-json\/wp\/v2\/pages\/102","targetHints":{"allow":["GET"]}}],"collection":[{"href":"https:\/\/slovenci.rs\/sl\/wp-json\/wp\/v2\/pages"}],"about":[{"href":"https:\/\/slovenci.rs\/sl\/wp-json\/wp\/v2\/types\/page"}],"author":[{"embeddable":true,"href":"https:\/\/slovenci.rs\/sl\/wp-json\/wp\/v2\/users\/1"}],"replies":[{"embeddable":true,"href":"https:\/\/slovenci.rs\/sl\/wp-json\/wp\/v2\/comments?post=102"}],"version-history":[{"count":4,"href":"https:\/\/slovenci.rs\/sl\/wp-json\/wp\/v2\/pages\/102\/revisions"}],"predecessor-version":[{"id":5251,"href":"https:\/\/slovenci.rs\/sl\/wp-json\/wp\/v2\/pages\/102\/revisions\/5251"}],"up":[{"embeddable":true,"href":"https:\/\/slovenci.rs\/sl\/wp-json\/wp\/v2\/pages\/21"}],"wp:attachment":[{"href":"https:\/\/slovenci.rs\/sl\/wp-json\/wp\/v2\/media?parent=102"}],"curies":[{"name":"wp","href":"https:\/\/api.w.org\/{rel}","templated":true}]}}

DRŽAVNI PRAZNIKI V SLOVENIJI

<p><strong>1 . in 2. januar</strong> &#8211; novo leto<br />
<strong>8. februar</strong> &#8211; Prešernov dan, slovenski kulturni praznik<br />
<strong>27. april</strong> &#8211; dan upora proti okupatorju<br />
<strong>1 . in 2. maj</strong> &#8211; praznik dela<br />
<strong>25. junij</strong> &#8211; dan državnosti<br />
<strong>17. avgust</strong> &#8211; dan združitve prekmurskih Slovencev z matičnim narodom po prvi svetovni vojni (ni dela prost dan)<br />
<strong>15. september</strong> &#8211; dan vrnitve Primorske k matični domovini (ni dela prost dan)<br />
<strong>31. oktober</strong> &#8211; dan reformacije<br />
<strong>1. november</strong> &#8211; dan spomina na mrtve<br />
<strong>23. november</strong> &#8211; dan Rudolfa Maistra (ni dela prost dan)<br />
<strong>26. december</strong> &#8211; dan samostojnosti in enotnosti</p>

<p>1 . in 2. januar &#8211; novo leto 8. februar &#8211; Prešernov dan, slovenski kulturni praznik 27. april &#8211; dan upora proti okupatorju 1 . in 2. maj &#8211; praznik dela 25. junij &#8211; dan državnosti 17. avgust &#8211; dan združitve prekmurskih Slovencev z matičnim narodom po prvi svetovni vojni (ni dela prost dan) 15. [&hellip;]</p>
