{"id":2935,"date":"2017-05-12T12:10:40","date_gmt":"2017-05-12T10:10:40","guid":{"rendered":"https:\/\/slovenci.rs\/?page_id=2935"},"modified":"2017-05-12T12:10:40","modified_gmt":"2017-05-12T10:10:40","slug":"impresum-slovenika-i","status":"publish","type":"page","link":"https:\/\/slovenci.rs\/sl\/impresum-slovenika-i\/","title":{"rendered":"Impresum &#8211; Slovenika I"},"content":{"rendered":"<p><strong>SLOVENIKA<br \/>\n\u010casopis za kulturu, nauku i obrazovanje \/ \u010casopis za kulturo, znanost in izobra\u017eevanje<br \/>\nI (2015)<br \/>\n<\/strong><\/p>\n<p>ISSN: 2466-555X<br \/>\nISSN: 2466-2852 (Online)<\/p>\n<p><strong>Izdava\u010d \/ Zalo\u017enik<br \/>\n<\/strong>Nacionalni savet slovena\u010dke nacionalne manjine \/ Nacionalni svet slovenske narodne manj\u0161ine<\/p>\n<p><strong>Za izdava\u010da \/ Za zalo\u017ebo<br \/>\n<\/strong>Sa\u0161a Verbi\u010d<\/p>\n<p><strong>Adresa izdava\u010da \/ Naslov uredni\u0161tva<br \/>\n<\/strong>Terazije 3\/IX, 11000 Beograd<br \/>\ntel +381 (0)11 33 40 845<br \/>\ne-mail: <a href=\"mailto:nacionalnisvet@eunet.rs\">nacionalnisvet@eunet.rs<\/a><br \/>\n<a href=\"https:\/\/slovenci.rs\/sl\/\">www.slovenci.rs<\/a><\/p>\n<p><strong>Glavni i odgovorni urednik \/ Glavna in odgovorna urednica<br \/>\n<\/strong>Biljana Milenkovi\u0107-Vukovi\u0107 (Etnografski institut SANU, Beograd, Srbija)<\/p>\n<p><strong>Me\u0111unarodna redakcija \/ Mednarodni uredni\u0161ki odbor<br \/>\n<\/strong>Prof. dr Maja \u0110ukanovi\u0107 (Univerzitet u Beogradu, Filolo\u0161ki fakultet, Srbija), mr Laura Fekonja (Univerza v Ljubljani, Filozofska fakulteta, Slovenija), dr Cvetka Hed\u017eet T\u00f3th (Univerza v Ljubljani, Filozofska fakulteta, Slovenija), Silvija Krejakovi\u0107 (Narodni muzej, Kraljevo, Srbija), dr Mojca Nidorfer \u0160i\u0161kovi\u010d (Univerza v Ljubljani, Filozofska fakulteta, Slovenija), prof. dr Anica Sabo (Univerzitet u Beogradu, Fakultet muzi\u010dke umetnosti, Srbija), dr Milena Spremo (Univerza v Ljubljani, Filozofska fakulteta, Slovenija), dr Lada Stevanovi\u0107 (Etnografski institute SANU i Fakultet za medije i komunikaciju, Beograd, Srbija), dr Janja \u017ditnik Serafin (ZRC SAZU, In\u0161titut za slovensko izseljenstvo in migracije, Ljubljana, Slovenija), Dragomir Zupanc (Beograd, Srbija).<\/p>\n<p><strong>Me\u0111unarodni izdava\u010dki savet \/ Mednarodni svetovalni odbor<br \/>\n<\/strong>Jurij Bajec (Beograd), Jadranka \u0110or\u0111evi\u0107 Crnobrnja (Beograd), Dejan Georgiev (Ljubljana), Zdenka Petermanec (Maribor), Nata\u0161a Rogelja (Ljubljana).<\/p>\n<p><strong>Sekretari redakcije \/ Tehni\u010dni urednici<br \/>\n<\/strong>Barbara Navala<\/p>\n<p><strong>Lektura i korektura \/ Lektoriranje in korektura<br \/>\n<\/strong>Laura Fekonja (slovena\u010dki), Sofija Miloradovi\u0107 (srpski), Milica \u0160evku\u0161i\u0107 (engleski)<\/p>\n<p><strong>Dizajn korica i teksture \/ Oblikovanje naslovnice in teksture<br \/>\n<\/strong>Marija Vauda<\/p>\n<p><strong>Grafi\u010dko oblikovanje \/ Grafi\u010dno oblikovanje<br \/>\n<\/strong>Jasmina Pucarevi\u0107<\/p>\n<p><strong>Tehni\u010dko ure\u0111ivanje elektronske verzije \u010dasopisa \/ Tehni\u010dna obdelava elektronskega izvoda \u010dasopisa<br \/>\n<\/strong>Milica \u0160evku\u0161i\u0107, Biljana Milenkovi\u0107-Vukovi\u0107, Sara Herman<\/p>\n<p>&nbsp;<\/p>\n<p>Tekstovi primljeni za objavljivanje na sastanku redakcije, 21. 12. 2015. godine \/ Besedila sprejeta za objavo na sestanku redakcije 21. 12. 2015 leta<\/p>\n<p>\u010casopis se objavljuje jednom godi\u0161nje \/ \u010casopis izhaja enkrat na leto<\/p>\n<p>\u010casopis se besplatno mo\u017ee preuzeti sa sajta: \/ \u010casopis se lahko brezpla\u010dno prevzame s spletne strani: <a href=\"https:\/\/slovenci.rs\/sl\/\">www.slovenci.rs<\/a><\/p>","protected":false},"excerpt":{"rendered":"<p>SLOVENIKA \u010casopis za kulturu, nauku i obrazovanje \/ \u010casopis za kulturo, znanost in izobra\u017eevanje I (2015) ISSN: 2466-555X ISSN: 2466-2852 (Online) Izdava\u010d \/ Zalo\u017enik Nacionalni savet slovena\u010dke nacionalne manjine \/ Nacionalni svet slovenske narodne manj\u0161ine Za izdava\u010da \/ Za zalo\u017ebo Sa\u0161a Verbi\u010d Adresa izdava\u010da \/ Naslov uredni\u0161tva Terazije 3\/IX, 11000 Beograd tel +381 (0)11 33 [&hellip;]<\/p>\n","protected":false},"author":1,"featured_media":0,"parent":0,"menu_order":0,"comment_status":"closed","ping_status":"closed","template":"","meta":{"footnotes":""},"class_list":["post-2935","page","type-page","status-publish","hentry","post"],"_links":{"self":[{"href":"https:\/\/slovenci.rs\/sl\/wp-json\/wp\/v2\/pages\/2935","targetHints":{"allow":["GET"]}}],"collection":[{"href":"https:\/\/slovenci.rs\/sl\/wp-json\/wp\/v2\/pages"}],"about":[{"href":"https:\/\/slovenci.rs\/sl\/wp-json\/wp\/v2\/types\/page"}],"author":[{"embeddable":true,"href":"https:\/\/slovenci.rs\/sl\/wp-json\/wp\/v2\/users\/1"}],"replies":[{"embeddable":true,"href":"https:\/\/slovenci.rs\/sl\/wp-json\/wp\/v2\/comments?post=2935"}],"version-history":[{"count":1,"href":"https:\/\/slovenci.rs\/sl\/wp-json\/wp\/v2\/pages\/2935\/revisions"}],"predecessor-version":[{"id":2936,"href":"https:\/\/slovenci.rs\/sl\/wp-json\/wp\/v2\/pages\/2935\/revisions\/2936"}],"wp:attachment":[{"href":"https:\/\/slovenci.rs\/sl\/wp-json\/wp\/v2\/media?parent=2935"}],"curies":[{"name":"wp","href":"https:\/\/api.w.org\/{rel}","templated":true}]}}

<p><strong>SLOVENIKA<br />
Časopis za kulturu, nauku i obrazovanje / Časopis za kulturo, znanost in izobraževanje<br />
I (2015)<br />
</strong></p>
<p>ISSN: 2466-555X<br />
ISSN: 2466-2852 (Online)</p>
<p><strong>Izdavač / Založnik<br />
</strong>Nacionalni savet slovenačke nacionalne manjine / Nacionalni svet slovenske narodne manjšine</p>
<p><strong>Za izdavača / Za založbo<br />
</strong>Saša Verbič</p>
<p><strong>Adresa izdavača / Naslov uredništva<br />
</strong>Terazije 3/IX, 11000 Beograd<br />
tel +381 (0)11 33 40 845<br />
e-mail: <a href="mailto:nacionalnisvet@eunet.rs">nacionalnisvet@eunet.rs</a><br />
<a href="https://slovenci.rs/sl/">www.slovenci.rs</a></p>
<p><strong>Glavni i odgovorni urednik / Glavna in odgovorna urednica<br />
</strong>Biljana Milenković-Vuković (Etnografski institut SANU, Beograd, Srbija)</p>
<p><strong>Međunarodna redakcija / Mednarodni uredniški odbor<br />
</strong>Prof. dr Maja Đukanović (Univerzitet u Beogradu, Filološki fakultet, Srbija), mr Laura Fekonja (Univerza v Ljubljani, Filozofska fakulteta, Slovenija), dr Cvetka Hedžet Tóth (Univerza v Ljubljani, Filozofska fakulteta, Slovenija), Silvija Krejaković (Narodni muzej, Kraljevo, Srbija), dr Mojca Nidorfer Šiškovič (Univerza v Ljubljani, Filozofska fakulteta, Slovenija), prof. dr Anica Sabo (Univerzitet u Beogradu, Fakultet muzičke umetnosti, Srbija), dr Milena Spremo (Univerza v Ljubljani, Filozofska fakulteta, Slovenija), dr Lada Stevanović (Etnografski institute SANU i Fakultet za medije i komunikaciju, Beograd, Srbija), dr Janja Žitnik Serafin (ZRC SAZU, Inštitut za slovensko izseljenstvo in migracije, Ljubljana, Slovenija), Dragomir Zupanc (Beograd, Srbija).</p>
<p><strong>Međunarodni izdavački savet / Mednarodni svetovalni odbor<br />
</strong>Jurij Bajec (Beograd), Jadranka Đorđević Crnobrnja (Beograd), Dejan Georgiev (Ljubljana), Zdenka Petermanec (Maribor), Nataša Rogelja (Ljubljana).</p>
<p><strong>Sekretari redakcije / Tehnični urednici<br />
</strong>Barbara Navala</p>
<p><strong>Lektura i korektura / Lektoriranje in korektura<br />
</strong>Laura Fekonja (slovenački), Sofija Miloradović (srpski), Milica Ševkušić (engleski)</p>
<p><strong>Dizajn korica i teksture / Oblikovanje naslovnice in teksture<br />
</strong>Marija Vauda</p>
<p><strong>Grafičko oblikovanje / Grafično oblikovanje<br />
</strong>Jasmina Pucarević</p>
<p><strong>Tehničko uređivanje elektronske verzije časopisa / Tehnična obdelava elektronskega izvoda časopisa<br />
</strong>Milica Ševkušić, Biljana Milenković-Vuković, Sara Herman</p>
<p>&nbsp;</p>
<p>Tekstovi primljeni za objavljivanje na sastanku redakcije, 21. 12. 2015. godine / Besedila sprejeta za objavo na sestanku redakcije 21. 12. 2015 leta</p>
<p>Časopis se objavljuje jednom godišnje / Časopis izhaja enkrat na leto</p>
<p>Časopis se besplatno može preuzeti sa sajta: / Časopis se lahko brezplačno prevzame s spletne strani: <a href="https://slovenci.rs/sl/">www.slovenci.rs</a></p>

<p>SLOVENIKA Časopis za kulturu, nauku i obrazovanje / Časopis za kulturo, znanost in izobraževanje I (2015) ISSN: 2466-555X ISSN: 2466-2852 (Online) Izdavač / Založnik Nacionalni savet slovenačke nacionalne manjine / Nacionalni svet slovenske narodne manjšine Za izdavača / Za založbo Saša Verbič Adresa izdavača / Naslov uredništva Terazije 3/IX, 11000 Beograd tel +381 (0)11 33 [&hellip;]</p>
