{"id":2985,"date":"2017-05-12T13:16:08","date_gmt":"2017-05-12T11:16:08","guid":{"rendered":"https:\/\/slovenci.rs\/?page_id=2985"},"modified":"2017-05-12T13:39:43","modified_gmt":"2017-05-12T11:39:43","slug":"2985-2","status":"publish","type":"page","link":"https:\/\/slovenci.rs\/sl\/2985-2\/","title":{"rendered":"JANJA \u017dITNIK SERAFIN, ZAVR\u0160ETAK ISTRA\u017dIVA\u010cKOG PROJEKTA \u201ePROFESIONALNE MIGRACIJE SLOVENACA NA PROSTORU NEKADA\u0160NJE JUGOSLAVIJE\u201c"},"content":{"rendered":"<p style=\"text-align: right;\">Slovenika I (2015) 129-133<br \/>\nPrikaz<\/p>\n<p><strong>\u00a0Janja \u017ditnik Serafin<\/strong><br \/>\nZnanstvenoraziskovalni center SAZU<br \/>\nIn\u0161titut za slovensko izseljenstvo in migracije<br \/>\nLjubljana, Slovenija<br \/>\n<a href=\"mailto:janja.zitnik@zrc-sazu.si\">janja.zitnik@zrc-sazu.si<\/a><\/p>\n<h4>Zavr\u0161etak istra\u017eiva\u010dkog projekta \u201eProfesionalne migracije Slovenaca na prostoru nekada\u0161nje Jugoslavije\u201c<\/h4>\n<p><a href=\"https:\/\/slovenci.rs\/wp-content\/uploads\/2017\/05\/Zitnik-01.pdf\" target=\"_blank\">\u010clanak (PDF) | \u010clanek (PDF) | Paper (PDF)<\/a><\/p>","protected":false},"excerpt":{"rendered":"<p>Slovenika I (2015) 129-133 Prikaz \u00a0Janja \u017ditnik Serafin Znanstvenoraziskovalni center SAZU In\u0161titut za slovensko izseljenstvo in migracije Ljubljana, Slovenija janja.zitnik@zrc-sazu.si Zavr\u0161etak istra\u017eiva\u010dkog projekta \u201eProfesionalne migracije Slovenaca na prostoru nekada\u0161nje Jugoslavije\u201c \u010clanak (PDF) | \u010clanek (PDF) | Paper (PDF)<\/p>","protected":false},"author":1,"featured_media":0,"parent":0,"menu_order":0,"comment_status":"closed","ping_status":"closed","template":"","meta":{"footnotes":""},"class_list":["post-2985","page","type-page","status-publish","hentry","post"],"_links":{"self":[{"href":"https:\/\/slovenci.rs\/sl\/wp-json\/wp\/v2\/pages\/2985","targetHints":{"allow":["GET"]}}],"collection":[{"href":"https:\/\/slovenci.rs\/sl\/wp-json\/wp\/v2\/pages"}],"about":[{"href":"https:\/\/slovenci.rs\/sl\/wp-json\/wp\/v2\/types\/page"}],"author":[{"embeddable":true,"href":"https:\/\/slovenci.rs\/sl\/wp-json\/wp\/v2\/users\/1"}],"replies":[{"embeddable":true,"href":"https:\/\/slovenci.rs\/sl\/wp-json\/wp\/v2\/comments?post=2985"}],"version-history":[{"count":3,"href":"https:\/\/slovenci.rs\/sl\/wp-json\/wp\/v2\/pages\/2985\/revisions"}],"predecessor-version":[{"id":3019,"href":"https:\/\/slovenci.rs\/sl\/wp-json\/wp\/v2\/pages\/2985\/revisions\/3019"}],"wp:attachment":[{"href":"https:\/\/slovenci.rs\/sl\/wp-json\/wp\/v2\/media?parent=2985"}],"curies":[{"name":"wp","href":"https:\/\/api.w.org\/{rel}","templated":true}]}}

JANJA ŽITNIK SERAFIN, ZAVRŠETAK ISTRAŽIVAČKOG PROJEKTA „PROFESIONALNE MIGRACIJE SLOVENACA NA PROSTORU NEKADAŠNJE JUGOSLAVIJE“

<p style="text-align: right;">Slovenika I (2015) 129-133<br />
Prikaz</p>
<p><strong> Janja Žitnik Serafin</strong><br />
Znanstvenoraziskovalni center SAZU<br />
Inštitut za slovensko izseljenstvo in migracije<br />
Ljubljana, Slovenija<br />
<a href="mailto:janja.zitnik@zrc-sazu.si">janja.zitnik@zrc-sazu.si</a></p>
<h4>Završetak istraživačkog projekta „Profesionalne migracije Slovenaca na prostoru nekadašnje Jugoslavije“</h4>
<p><a href="https://slovenci.rs/wp-content/uploads/2017/05/Zitnik-01.pdf" target="_blank">Članak (PDF) | Članek (PDF) | Paper (PDF)</a></p>

<p>Slovenika I (2015) 129-133 Prikaz  Janja Žitnik Serafin Znanstvenoraziskovalni center SAZU Inštitut za slovensko izseljenstvo in migracije Ljubljana, Slovenija janja.zitnik@zrc-sazu.si Završetak istraživačkog projekta „Profesionalne migracije Slovenaca na prostoru nekadašnje Jugoslavije“ Članak (PDF) | Članek (PDF) | Paper (PDF)</p>
