{"id":2990,"date":"2017-05-12T13:19:17","date_gmt":"2017-05-12T11:19:17","guid":{"rendered":"https:\/\/slovenci.rs\/?page_id=2990"},"modified":"2017-05-12T13:39:32","modified_gmt":"2017-05-12T11:39:32","slug":"katarina-tomasevic-davorin-jenko-100-godina-od-smrti-1914-i-180-godina-od-rodenja-1835","status":"publish","type":"page","link":"https:\/\/slovenci.rs\/sl\/katarina-tomasevic-davorin-jenko-100-godina-od-smrti-1914-i-180-godina-od-rodenja-1835\/","title":{"rendered":"KATARINA TOMA\u0160EVI\u0106, DAVORIN JENKO: 100 GODINA OD SMRTI (1914) I 180 GODINA OD RO\u0110ENJA (1835)"},"content":{"rendered":"<p style=\"text-align: right;\">Slovenika I (2015) 71-79<br \/>\nJubileji<br \/>\nTekst primljen za objavljivanje 21. 12. 2015.<br \/>\nBesedilo sprejeto za objavo 21. 12. 2015<br \/>\n<a href=\"https:\/\/slovenci.rs\/wp-content\/uploads\/2017\/05\/Tomasevic-01.pdf\" target=\"_blank\">\u010clanak (PDF) | \u010clanek (PDF) | Paper (PDF)<\/a><\/p>\n<p><strong>Katarina Toma\u0161evi\u0107<\/strong><br \/>\nMuzikolo\u0161ki institut SANU<br \/>\nBeograd, Srbija<br \/>\n<a href=\"mailto:katarina.tomashevic@gmail.com\">katarina.tomashevic@gmail.com<\/a><\/p>\n<p><strong>Povodom dvostrukog jubileja<\/strong><\/p>\n<h4>Davorin Jenko: 100 godina od smrti (1914) i 180 godina od ro\u0111enja (1835)<\/h4>\n<p>&nbsp;<\/p>","protected":false},"excerpt":{"rendered":"<p>Slovenika I (2015) 71-79 Jubileji Tekst primljen za objavljivanje 21. 12. 2015. Besedilo sprejeto za objavo 21. 12. 2015 \u010clanak (PDF) | \u010clanek (PDF) | Paper (PDF) Katarina Toma\u0161evi\u0107 Muzikolo\u0161ki institut SANU Beograd, Srbija katarina.tomashevic@gmail.com Povodom dvostrukog jubileja Davorin Jenko: 100 godina od smrti (1914) i 180 godina od ro\u0111enja (1835) &nbsp;<\/p>","protected":false},"author":1,"featured_media":0,"parent":0,"menu_order":0,"comment_status":"closed","ping_status":"closed","template":"","meta":{"footnotes":""},"class_list":["post-2990","page","type-page","status-publish","hentry","post"],"_links":{"self":[{"href":"https:\/\/slovenci.rs\/sl\/wp-json\/wp\/v2\/pages\/2990","targetHints":{"allow":["GET"]}}],"collection":[{"href":"https:\/\/slovenci.rs\/sl\/wp-json\/wp\/v2\/pages"}],"about":[{"href":"https:\/\/slovenci.rs\/sl\/wp-json\/wp\/v2\/types\/page"}],"author":[{"embeddable":true,"href":"https:\/\/slovenci.rs\/sl\/wp-json\/wp\/v2\/users\/1"}],"replies":[{"embeddable":true,"href":"https:\/\/slovenci.rs\/sl\/wp-json\/wp\/v2\/comments?post=2990"}],"version-history":[{"count":2,"href":"https:\/\/slovenci.rs\/sl\/wp-json\/wp\/v2\/pages\/2990\/revisions"}],"predecessor-version":[{"id":3018,"href":"https:\/\/slovenci.rs\/sl\/wp-json\/wp\/v2\/pages\/2990\/revisions\/3018"}],"wp:attachment":[{"href":"https:\/\/slovenci.rs\/sl\/wp-json\/wp\/v2\/media?parent=2990"}],"curies":[{"name":"wp","href":"https:\/\/api.w.org\/{rel}","templated":true}]}}

KATARINA TOMAŠEVIĆ, DAVORIN JENKO: 100 GODINA OD SMRTI (1914) I 180 GODINA OD ROĐENJA (1835)

<p style="text-align: right;">Slovenika I (2015) 71-79<br />
Jubileji<br />
Tekst primljen za objavljivanje 21. 12. 2015.<br />
Besedilo sprejeto za objavo 21. 12. 2015<br />
<a href="https://slovenci.rs/wp-content/uploads/2017/05/Tomasevic-01.pdf" target="_blank">Članak (PDF) | Članek (PDF) | Paper (PDF)</a></p>
<p><strong>Katarina Tomašević</strong><br />
Muzikološki institut SANU<br />
Beograd, Srbija<br />
<a href="mailto:katarina.tomashevic@gmail.com">katarina.tomashevic@gmail.com</a></p>
<p><strong>Povodom dvostrukog jubileja</strong></p>
<h4>Davorin Jenko: 100 godina od smrti (1914) i 180 godina od rođenja (1835)</h4>
<p>&nbsp;</p>

<p>Slovenika I (2015) 71-79 Jubileji Tekst primljen za objavljivanje 21. 12. 2015. Besedilo sprejeto za objavo 21. 12. 2015 Članak (PDF) | Članek (PDF) | Paper (PDF) Katarina Tomašević Muzikološki institut SANU Beograd, Srbija katarina.tomashevic@gmail.com Povodom dvostrukog jubileja Davorin Jenko: 100 godina od smrti (1914) i 180 godina od rođenja (1835) &nbsp;</p>
