{"id":3023,"date":"2017-05-12T13:44:57","date_gmt":"2017-05-12T11:44:57","guid":{"rendered":"https:\/\/slovenci.rs\/?page_id=3023"},"modified":"2017-05-12T13:45:04","modified_gmt":"2017-05-12T11:45:04","slug":"nikola-pilipovic-crtezi-i-kolazi-majde-susnik","status":"publish","type":"page","link":"https:\/\/slovenci.rs\/sl\/nikola-pilipovic-crtezi-i-kolazi-majde-susnik\/","title":{"rendered":"NIKOLA PILIPOVI\u0106, CRTE\u017dI I KOLA\u017dI MAJDE SU\u0160NIK"},"content":{"rendered":"<p style=\"text-align: right;\">Slovenika I (2015) 125-127<br \/>\nPrikaz<\/p>\n<p><strong>Nikola Pilipovi\u0107<\/strong><br \/>\nBeograd, Srbija<br \/>\n<a href=\"mailto:manik@sbb.rs\">manik@sbb.rs<\/a><\/p>\n<h4>Crte\u017ei i kola\u017ei Majde Su\u0161nik<\/h4>\n<p><a href=\"https:\/\/slovenci.rs\/wp-content\/uploads\/2017\/05\/Pilipovic-01.pdf\" target=\"_blank\">\u010clanak (PDF) | \u010clanek (PDF) | Paper (PDF)<\/a><\/p>","protected":false},"excerpt":{"rendered":"<p>Slovenika I (2015) 125-127 Prikaz Nikola Pilipovi\u0107 Beograd, Srbija manik@sbb.rs Crte\u017ei i kola\u017ei Majde Su\u0161nik \u010clanak (PDF) | \u010clanek (PDF) | Paper (PDF)<\/p>","protected":false},"author":1,"featured_media":0,"parent":0,"menu_order":0,"comment_status":"closed","ping_status":"closed","template":"","meta":{"footnotes":""},"class_list":["post-3023","page","type-page","status-publish","hentry","post"],"_links":{"self":[{"href":"https:\/\/slovenci.rs\/sl\/wp-json\/wp\/v2\/pages\/3023","targetHints":{"allow":["GET"]}}],"collection":[{"href":"https:\/\/slovenci.rs\/sl\/wp-json\/wp\/v2\/pages"}],"about":[{"href":"https:\/\/slovenci.rs\/sl\/wp-json\/wp\/v2\/types\/page"}],"author":[{"embeddable":true,"href":"https:\/\/slovenci.rs\/sl\/wp-json\/wp\/v2\/users\/1"}],"replies":[{"embeddable":true,"href":"https:\/\/slovenci.rs\/sl\/wp-json\/wp\/v2\/comments?post=3023"}],"version-history":[{"count":2,"href":"https:\/\/slovenci.rs\/sl\/wp-json\/wp\/v2\/pages\/3023\/revisions"}],"predecessor-version":[{"id":3025,"href":"https:\/\/slovenci.rs\/sl\/wp-json\/wp\/v2\/pages\/3023\/revisions\/3025"}],"wp:attachment":[{"href":"https:\/\/slovenci.rs\/sl\/wp-json\/wp\/v2\/media?parent=3023"}],"curies":[{"name":"wp","href":"https:\/\/api.w.org\/{rel}","templated":true}]}}

NIKOLA PILIPOVIĆ, CRTEŽI I KOLAŽI MAJDE SUŠNIK

<p style="text-align: right;">Slovenika I (2015) 125-127<br />
Prikaz</p>
<p><strong>Nikola Pilipović</strong><br />
Beograd, Srbija<br />
<a href="mailto:manik@sbb.rs">manik@sbb.rs</a></p>
<h4>Crteži i kolaži Majde Sušnik</h4>
<p><a href="https://slovenci.rs/wp-content/uploads/2017/05/Pilipovic-01.pdf" target="_blank">Članak (PDF) | Članek (PDF) | Paper (PDF)</a></p>

<p>Slovenika I (2015) 125-127 Prikaz Nikola Pilipović Beograd, Srbija manik@sbb.rs Crteži i kolaži Majde Sušnik Članak (PDF) | Članek (PDF) | Paper (PDF)</p>
