{"id":3030,"date":"2017-05-12T13:50:07","date_gmt":"2017-05-12T11:50:07","guid":{"rendered":"https:\/\/slovenci.rs\/?page_id=3030"},"modified":"2017-05-12T13:50:07","modified_gmt":"2017-05-12T11:50:07","slug":"sasa-verbic-hronologija-nacionalnog-saveta-slovenacke-nacionalne-manjine-2010-2015","status":"publish","type":"page","link":"https:\/\/slovenci.rs\/sl\/sasa-verbic-hronologija-nacionalnog-saveta-slovenacke-nacionalne-manjine-2010-2015\/","title":{"rendered":"SA\u0160A VERBI\u010c, HRONOLOGIJA NACIONALNOG SAVETA SLOVENA\u010cKE NACIONALNE MANJINE (2010\u20132015)"},"content":{"rendered":"<p style=\"text-align: right;\">Slovenika I (2015) 141-145<br \/>\nHronika<\/p>\n<p><strong>Sa\u0161a Verbi\u010d<\/strong><br \/>\nNacionalni savet slovena\u010dke nacionalne manjine<br \/>\nBeograd, Srbija<br \/>\n<a href=\"mailto:verbic.sasa@gmail.com\">verbic.sasa@gmail.com<\/a><\/p>\n<h4>Hronologija Nacionalnog saveta slovena\u010dke nacionalne manjine (2010\u20132015)<\/h4>\n<p><a href=\"https:\/\/slovenci.rs\/wp-content\/uploads\/2017\/05\/Hronologija.pdf\" target=\"_blank\">\u010clanak (PDF) | \u010clanek (PDF) | Paper (PDF)<\/a><\/p>","protected":false},"excerpt":{"rendered":"<p>Slovenika I (2015) 141-145 Hronika Sa\u0161a Verbi\u010d Nacionalni savet slovena\u010dke nacionalne manjine Beograd, Srbija verbic.sasa@gmail.com Hronologija Nacionalnog saveta slovena\u010dke nacionalne manjine (2010\u20132015) \u010clanak (PDF) | \u010clanek (PDF) | Paper (PDF)<\/p>","protected":false},"author":1,"featured_media":0,"parent":0,"menu_order":0,"comment_status":"closed","ping_status":"closed","template":"","meta":{"footnotes":""},"class_list":["post-3030","page","type-page","status-publish","hentry","post"],"_links":{"self":[{"href":"https:\/\/slovenci.rs\/sl\/wp-json\/wp\/v2\/pages\/3030","targetHints":{"allow":["GET"]}}],"collection":[{"href":"https:\/\/slovenci.rs\/sl\/wp-json\/wp\/v2\/pages"}],"about":[{"href":"https:\/\/slovenci.rs\/sl\/wp-json\/wp\/v2\/types\/page"}],"author":[{"embeddable":true,"href":"https:\/\/slovenci.rs\/sl\/wp-json\/wp\/v2\/users\/1"}],"replies":[{"embeddable":true,"href":"https:\/\/slovenci.rs\/sl\/wp-json\/wp\/v2\/comments?post=3030"}],"version-history":[{"count":1,"href":"https:\/\/slovenci.rs\/sl\/wp-json\/wp\/v2\/pages\/3030\/revisions"}],"predecessor-version":[{"id":3031,"href":"https:\/\/slovenci.rs\/sl\/wp-json\/wp\/v2\/pages\/3030\/revisions\/3031"}],"wp:attachment":[{"href":"https:\/\/slovenci.rs\/sl\/wp-json\/wp\/v2\/media?parent=3030"}],"curies":[{"name":"wp","href":"https:\/\/api.w.org\/{rel}","templated":true}]}}

SAŠA VERBIČ, HRONOLOGIJA NACIONALNOG SAVETA SLOVENAČKE NACIONALNE MANJINE (2010–2015)

<p style="text-align: right;">Slovenika I (2015) 141-145<br />
Hronika</p>
<p><strong>Saša Verbič</strong><br />
Nacionalni savet slovenačke nacionalne manjine<br />
Beograd, Srbija<br />
<a href="mailto:verbic.sasa@gmail.com">verbic.sasa@gmail.com</a></p>
<h4>Hronologija Nacionalnog saveta slovenačke nacionalne manjine (2010–2015)</h4>
<p><a href="https://slovenci.rs/wp-content/uploads/2017/05/Hronologija.pdf" target="_blank">Članak (PDF) | Članek (PDF) | Paper (PDF)</a></p>

<p>Slovenika I (2015) 141-145 Hronika Saša Verbič Nacionalni savet slovenačke nacionalne manjine Beograd, Srbija verbic.sasa@gmail.com Hronologija Nacionalnog saveta slovenačke nacionalne manjine (2010–2015) Članak (PDF) | Članek (PDF) | Paper (PDF)</p>
