{"id":3033,"date":"2017-05-12T13:51:51","date_gmt":"2017-05-12T11:51:51","guid":{"rendered":"https:\/\/slovenci.rs\/?page_id=3033"},"modified":"2017-05-12T13:51:51","modified_gmt":"2017-05-12T11:51:51","slug":"sasa-verbic-kronologija-nacionalnega-sveta-slovenske-narodne-manjsine-2010-2015","status":"publish","type":"page","link":"https:\/\/slovenci.rs\/sl\/sasa-verbic-kronologija-nacionalnega-sveta-slovenske-narodne-manjsine-2010-2015\/","title":{"rendered":"SA\u0160A VERBI\u010c, KRONOLOGIJA NACIONALNEGA SVETA SLOVENSKE NARODNE MANJ\u0160INE (2010\u20132015)"},"content":{"rendered":"<p style=\"text-align: right;\">Slovenika I (2015) 135-139<br \/>\nKronika<\/p>\n<p><strong>Sa\u0161a Verbi\u010d<br \/>\n<\/strong>Nacionalni svet slovenske narodne manj\u0161ine<br \/>\nBeograd, Srbija<br \/>\n<a href=\"mailto:verbic.sasa@gmail.com\">verbic.sasa@gmail.com<\/a><\/p>\n<h4>Kronologija Nacionalnega sveta slovenske narodne manj\u0161ine (2010\u20132015)<\/h4>\n<p><a href=\"https:\/\/slovenci.rs\/wp-content\/uploads\/2017\/05\/Kronologija.pdf\" target=\"_blank\">\u010clanak (PDF) | \u010clanek (PDF) | Paper (PDF)<\/a><\/p>","protected":false},"excerpt":{"rendered":"<p>Slovenika I (2015) 135-139 Kronika Sa\u0161a Verbi\u010d Nacionalni svet slovenske narodne manj\u0161ine Beograd, Srbija verbic.sasa@gmail.com Kronologija Nacionalnega sveta slovenske narodne manj\u0161ine (2010\u20132015) \u010clanak (PDF) | \u010clanek (PDF) | Paper (PDF)<\/p>","protected":false},"author":1,"featured_media":0,"parent":0,"menu_order":0,"comment_status":"closed","ping_status":"closed","template":"","meta":{"footnotes":""},"class_list":["post-3033","page","type-page","status-publish","hentry","post"],"_links":{"self":[{"href":"https:\/\/slovenci.rs\/sl\/wp-json\/wp\/v2\/pages\/3033","targetHints":{"allow":["GET"]}}],"collection":[{"href":"https:\/\/slovenci.rs\/sl\/wp-json\/wp\/v2\/pages"}],"about":[{"href":"https:\/\/slovenci.rs\/sl\/wp-json\/wp\/v2\/types\/page"}],"author":[{"embeddable":true,"href":"https:\/\/slovenci.rs\/sl\/wp-json\/wp\/v2\/users\/1"}],"replies":[{"embeddable":true,"href":"https:\/\/slovenci.rs\/sl\/wp-json\/wp\/v2\/comments?post=3033"}],"version-history":[{"count":1,"href":"https:\/\/slovenci.rs\/sl\/wp-json\/wp\/v2\/pages\/3033\/revisions"}],"predecessor-version":[{"id":3034,"href":"https:\/\/slovenci.rs\/sl\/wp-json\/wp\/v2\/pages\/3033\/revisions\/3034"}],"wp:attachment":[{"href":"https:\/\/slovenci.rs\/sl\/wp-json\/wp\/v2\/media?parent=3033"}],"curies":[{"name":"wp","href":"https:\/\/api.w.org\/{rel}","templated":true}]}}

SAŠA VERBIČ, KRONOLOGIJA NACIONALNEGA SVETA SLOVENSKE NARODNE MANJŠINE (2010–2015)

<p style="text-align: right;">Slovenika I (2015) 135-139<br />
Kronika</p>
<p><strong>Saša Verbič<br />
</strong>Nacionalni svet slovenske narodne manjšine<br />
Beograd, Srbija<br />
<a href="mailto:verbic.sasa@gmail.com">verbic.sasa@gmail.com</a></p>
<h4>Kronologija Nacionalnega sveta slovenske narodne manjšine (2010–2015)</h4>
<p><a href="https://slovenci.rs/wp-content/uploads/2017/05/Kronologija.pdf" target="_blank">Članak (PDF) | Članek (PDF) | Paper (PDF)</a></p>

<p>Slovenika I (2015) 135-139 Kronika Saša Verbič Nacionalni svet slovenske narodne manjšine Beograd, Srbija verbic.sasa@gmail.com Kronologija Nacionalnega sveta slovenske narodne manjšine (2010–2015) Članak (PDF) | Članek (PDF) | Paper (PDF)</p>
