{"id":3804,"date":"2018-12-17T06:20:04","date_gmt":"2018-12-17T05:20:04","guid":{"rendered":"https:\/\/slovenci.rs\/?page_id=3804"},"modified":"2023-02-13T02:00:30","modified_gmt":"2023-02-13T01:00:30","slug":"dino-dolnicar","status":"publish","type":"page","link":"https:\/\/slovenci.rs\/sl\/dino-dolnicar\/","title":{"rendered":"DINO DOLNI\u010cAR"},"content":{"rendered":"<p>&nbsp;<\/p>\n<p style=\"text-align: justify;\">Dino Dolni\u010dar je ro\u0111en u Beogradu 1980. godine, gde je odrastao, \u017eivi i radi. Diplomirao na Fakultetu dramskih umetnosti u Beogradu 2010. godine, na Katedri za snimanje i dizajn zvuka.<\/p>\n<p style=\"text-align: justify;\">Od 2002 do 2013. godine je radio kao snimatelj i dizajner zvuka na Radio televiziji Srbije.<\/p>\n<p style=\"text-align: justify;\">Paralelno sa anga\u017eovanjem na RTS, radi na Fakultetu dramskih umetnosti od 2008. godine kao student-demonstrator i demonstrator, 2013. godine izabran je u zvanje asistenta, dok je 2016. godine izabran je u zvanje docenta.<\/p>\n<p style=\"text-align: justify;\">Trenutno je doktorand na Doktorskim umetni\u010dkim studijama u dramskim i audiovizuelnim umetnostima pri Fakultetu dramskih umetnosti u Beogradu.<\/p>\n<p style=\"text-align: justify;\">\u010clan je Saveta Fakulteta dramskih umetnosti na poziciji zamenika predsednika.&nbsp; Delegat je skup\u0161tine i \u010dlan je Odbora za kulturu dru\u0161tva Slovenaca \u201eSAVA\u201c u Beogradu. \u010clan je organizacionog odbora festivala &#8222;Dani slovena\u010dkog filma&#8220;.<\/p>\n<p style=\"text-align: justify;\">Dino Dolni\u010dar se je rodil v Beogradu leta 1980, kjer je odra\u0161\u010dal in kjer \u017eivi in dela tudi danes. Diplomiral je leta 2010 na Fakulteti dramskih umetnosti v Beogradu, na Oddelku za snemanje in dizajn zvoka.<\/p>\n<p style=\"text-align: justify;\">Od 2002. do 2013. leta je delal kot snemalec in dizajner zvoka na Radio-televiziji Srbije.<\/p>\n<p style=\"text-align: justify;\">Paralelno z anga\u017eiranjem na RTS od leta 2008 dela na Fakulteti dramskih umetnosti kot \u0161tudent-demonstrator in demonstrator, leta 2013 je pridobil naziv asistenta, leta 2016 pa je postal docent.<\/p>\n<p style=\"text-align: justify;\">Trenutno je doktorand na Doktorskem umetni\u0161kem \u0161tudiju dramskih in avdiovizualnih umetnosti na Fakulteti dramskih umetnosti v Beogradu.<\/p>\n<p style=\"text-align: justify;\">Je \u010dlan Sveta Fakultete dramskih umetnosti, s funkcijo namestnika predsednika. Je delegat Skup\u0161\u010dine in \u010dlan Odbora za kulturo Dru\u0161tva Slovencev Sava v Beogradu. Je \u010dlan organizacijskega odbora festivala Dnevi slovenskega filma.<\/p>\n<p style=\"text-align: justify;\">\n<p style=\"text-align: justify;\"><a href=\"https:\/\/slovenci.rs\/wp-content\/uploads\/2018\/12\/d1.jpg\"><img loading=\"lazy\" decoding=\"async\" class=\"aligncenter size-medium wp-image-3805\" src=\"https:\/\/slovenci.rs\/wp-content\/uploads\/2018\/12\/d1-300x182.jpg\" alt=\"d1\" width=\"300\" height=\"182\" srcset=\"https:\/\/slovenci.rs\/wp-content\/uploads\/2018\/12\/d1-300x182.jpg 300w, https:\/\/slovenci.rs\/wp-content\/uploads\/2018\/12\/d1.jpg 304w\" sizes=\"auto, (max-width: 300px) 100vw, 300px\" \/><\/a><\/p>","protected":false},"excerpt":{"rendered":"<p>&nbsp; Dino Dolni\u010dar je ro\u0111en u Beogradu 1980. godine, gde je odrastao, \u017eivi i radi. Diplomirao na Fakultetu dramskih umetnosti u Beogradu 2010. godine, na Katedri za snimanje i dizajn zvuka. Od 2002 do 2013. godine je radio kao snimatelj i dizajner zvuka na Radio televiziji Srbije. Paralelno sa anga\u017eovanjem na RTS, radi na Fakultetu [&hellip;]<\/p>\n","protected":false},"author":1,"featured_media":0,"parent":0,"menu_order":0,"comment_status":"closed","ping_status":"closed","template":"","meta":{"footnotes":""},"class_list":["post-3804","page","type-page","status-publish","hentry","post"],"_links":{"self":[{"href":"https:\/\/slovenci.rs\/sl\/wp-json\/wp\/v2\/pages\/3804","targetHints":{"allow":["GET"]}}],"collection":[{"href":"https:\/\/slovenci.rs\/sl\/wp-json\/wp\/v2\/pages"}],"about":[{"href":"https:\/\/slovenci.rs\/sl\/wp-json\/wp\/v2\/types\/page"}],"author":[{"embeddable":true,"href":"https:\/\/slovenci.rs\/sl\/wp-json\/wp\/v2\/users\/1"}],"replies":[{"embeddable":true,"href":"https:\/\/slovenci.rs\/sl\/wp-json\/wp\/v2\/comments?post=3804"}],"version-history":[{"count":2,"href":"https:\/\/slovenci.rs\/sl\/wp-json\/wp\/v2\/pages\/3804\/revisions"}],"predecessor-version":[{"id":5286,"href":"https:\/\/slovenci.rs\/sl\/wp-json\/wp\/v2\/pages\/3804\/revisions\/5286"}],"wp:attachment":[{"href":"https:\/\/slovenci.rs\/sl\/wp-json\/wp\/v2\/media?parent=3804"}],"curies":[{"name":"wp","href":"https:\/\/api.w.org\/{rel}","templated":true}]}}

DINO DOLNIČAR

<p>&nbsp;</p>
<p style="text-align: justify;">Dino Dolničar je rođen u Beogradu 1980. godine, gde je odrastao, živi i radi. Diplomirao na Fakultetu dramskih umetnosti u Beogradu 2010. godine, na Katedri za snimanje i dizajn zvuka.</p>
<p style="text-align: justify;">Od 2002 do 2013. godine je radio kao snimatelj i dizajner zvuka na Radio televiziji Srbije.</p>
<p style="text-align: justify;">Paralelno sa angažovanjem na RTS, radi na Fakultetu dramskih umetnosti od 2008. godine kao student-demonstrator i demonstrator, 2013. godine izabran je u zvanje asistenta, dok je 2016. godine izabran je u zvanje docenta.</p>
<p style="text-align: justify;">Trenutno je doktorand na Doktorskim umetničkim studijama u dramskim i audiovizuelnim umetnostima pri Fakultetu dramskih umetnosti u Beogradu.</p>
<p style="text-align: justify;">Član je Saveta Fakulteta dramskih umetnosti na poziciji zamenika predsednika.&nbsp; Delegat je skupštine i član je Odbora za kulturu društva Slovenaca „SAVA“ u Beogradu. Član je organizacionog odbora festivala &#8222;Dani slovenačkog filma&#8220;.</p>
<p style="text-align: justify;">Dino Dolničar se je rodil v Beogradu leta 1980, kjer je odraščal in kjer živi in dela tudi danes. Diplomiral je leta 2010 na Fakulteti dramskih umetnosti v Beogradu, na Oddelku za snemanje in dizajn zvoka.</p>
<p style="text-align: justify;">Od 2002. do 2013. leta je delal kot snemalec in dizajner zvoka na Radio-televiziji Srbije.</p>
<p style="text-align: justify;">Paralelno z angažiranjem na RTS od leta 2008 dela na Fakulteti dramskih umetnosti kot študent-demonstrator in demonstrator, leta 2013 je pridobil naziv asistenta, leta 2016 pa je postal docent.</p>
<p style="text-align: justify;">Trenutno je doktorand na Doktorskem umetniškem študiju dramskih in avdiovizualnih umetnosti na Fakulteti dramskih umetnosti v Beogradu.</p>
<p style="text-align: justify;">Je član Sveta Fakultete dramskih umetnosti, s funkcijo namestnika predsednika. Je delegat Skupščine in član Odbora za kulturo Društva Slovencev Sava v Beogradu. Je član organizacijskega odbora festivala Dnevi slovenskega filma.</p>
<p style="text-align: justify;">
<p style="text-align: justify;"><a href="https://slovenci.rs/wp-content/uploads/2018/12/d1.jpg"><img loading="lazy" decoding="async" class="aligncenter size-medium wp-image-3805" src="https://slovenci.rs/wp-content/uploads/2018/12/d1-300x182.jpg" alt="d1" width="300" height="182" srcset="https://slovenci.rs/wp-content/uploads/2018/12/d1-300x182.jpg 300w, https://slovenci.rs/wp-content/uploads/2018/12/d1.jpg 304w" sizes="auto, (max-width: 300px) 100vw, 300px" /></a></p>

<p>&nbsp; Dino Dolničar je rođen u Beogradu 1980. godine, gde je odrastao, živi i radi. Diplomirao na Fakultetu dramskih umetnosti u Beogradu 2010. godine, na Katedri za snimanje i dizajn zvuka. Od 2002 do 2013. godine je radio kao snimatelj i dizajner zvuka na Radio televiziji Srbije. Paralelno sa angažovanjem na RTS, radi na Fakultetu [&hellip;]</p>
