{"id":3916,"date":"2019-01-14T15:47:27","date_gmt":"2019-01-14T14:47:27","guid":{"rendered":"https:\/\/slovenci.rs\/?page_id=3916"},"modified":"2019-01-14T15:49:21","modified_gmt":"2019-01-14T14:49:21","slug":"stanonik-2018","status":"publish","type":"page","link":"https:\/\/slovenci.rs\/sl\/stanonik-2018\/","title":{"rendered":"Marija Stanonik, Na dobroti svet stoji:  izku\u0161nje slovenskih izgnancev med II. svetovno vojno v okupirano Srbijo in nacisti\u010dno Nem\u010dijo"},"content":{"rendered":"<p style=\"text-align: right;\">Slovenika IV (2018) 189-217<br \/>\nStrokovni \u010dlanek<br \/>\nUDK: 94:314.151.3-054.73(=163.6)(497.11)&#8220;1941\/1945&#8243;(093.3)<br \/>\n94:314.151.3-054.73(=163.6)(430)&#8220;1941\/1945&#8243;(093.3)<br \/>\nTekst primljen za objavljivanje 03. 12. 2018.<br \/>\nBesedilo sprejeto za objavo 03. 12. 2018<\/p>\n<p style=\"text-align: right;\">DOI: <a href=\"https:\/\/doi.org\/10.18485\/slovenika.2018.4.1.8\" target=\"_blank\">https:\/\/doi.org\/10.18485\/slovenika.2018.4.1.8<\/a><\/p>\n<p>Marija Stanonik<br \/>\nZRC SAZU<br \/>\nIn\u0161titut za slovensko narodopisje<br \/>\nLjubjana, Slovenia<br \/>\n<a href=\"mailto:marija.stanonik@zrc-sazu.si\" target=\"_blank\">marija.stanonik@zrc-sazu.si<\/a><\/p>\n<h4><em>Na dobroti svet stoji<\/em>:\u00a0 izku\u0161nje slovenskih izgnancev med II. svetovno vojno v okupirano Srbijo in nacisti\u010dno Nem\u010dijo \/<br \/>\n<em>Na dobroti svet opstaje<\/em>: iskustva slovena\u010dkih izgnanika poslatih u okupiranu Srbiju i nacisti\u010dku Nema\u010dku, za vreme Drugog svetskog rata<\/h4>\n<p><a href=\"https:\/\/slovenci.rs\/wp-content\/uploads\/2018\/12\/slovenika.2018.4.1.8.pdf\" target=\"_blank\">\u010clanak (PDF) | \u010clanek (PDF) | Paper (PDF)<\/a><\/p>","protected":false},"excerpt":{"rendered":"<p>Slovenika IV (2018) 189-217 Strokovni \u010dlanek UDK: 94:314.151.3-054.73(=163.6)(497.11)&#8220;1941\/1945&#8243;(093.3) 94:314.151.3-054.73(=163.6)(430)&#8220;1941\/1945&#8243;(093.3) Tekst primljen za objavljivanje 03. 12. 2018. Besedilo sprejeto za objavo 03. 12. 2018 DOI: https:\/\/doi.org\/10.18485\/slovenika.2018.4.1.8 Marija Stanonik ZRC SAZU In\u0161titut za slovensko narodopisje Ljubjana, Slovenia marija.stanonik@zrc-sazu.si Na dobroti svet stoji:\u00a0 izku\u0161nje slovenskih izgnancev med II. svetovno vojno v okupirano Srbijo in nacisti\u010dno Nem\u010dijo \/ Na [&hellip;]<\/p>\n","protected":false},"author":1,"featured_media":0,"parent":0,"menu_order":0,"comment_status":"closed","ping_status":"closed","template":"","meta":{"footnotes":""},"class_list":["post-3916","page","type-page","status-publish","hentry","post"],"_links":{"self":[{"href":"https:\/\/slovenci.rs\/sl\/wp-json\/wp\/v2\/pages\/3916","targetHints":{"allow":["GET"]}}],"collection":[{"href":"https:\/\/slovenci.rs\/sl\/wp-json\/wp\/v2\/pages"}],"about":[{"href":"https:\/\/slovenci.rs\/sl\/wp-json\/wp\/v2\/types\/page"}],"author":[{"embeddable":true,"href":"https:\/\/slovenci.rs\/sl\/wp-json\/wp\/v2\/users\/1"}],"replies":[{"embeddable":true,"href":"https:\/\/slovenci.rs\/sl\/wp-json\/wp\/v2\/comments?post=3916"}],"version-history":[{"count":5,"href":"https:\/\/slovenci.rs\/sl\/wp-json\/wp\/v2\/pages\/3916\/revisions"}],"predecessor-version":[{"id":3922,"href":"https:\/\/slovenci.rs\/sl\/wp-json\/wp\/v2\/pages\/3916\/revisions\/3922"}],"wp:attachment":[{"href":"https:\/\/slovenci.rs\/sl\/wp-json\/wp\/v2\/media?parent=3916"}],"curies":[{"name":"wp","href":"https:\/\/api.w.org\/{rel}","templated":true}]}}

Marija Stanonik, Na dobroti svet stoji:  izkušnje slovenskih izgnancev med II. svetovno vojno v okupirano Srbijo in nacistično Nemčijo

<p style="text-align: right;">Slovenika IV (2018) 189-217<br />
Strokovni članek<br />
UDK: 94:314.151.3-054.73(=163.6)(497.11)&#8220;1941/1945&#8243;(093.3)<br />
94:314.151.3-054.73(=163.6)(430)&#8220;1941/1945&#8243;(093.3)<br />
Tekst primljen za objavljivanje 03. 12. 2018.<br />
Besedilo sprejeto za objavo 03. 12. 2018</p>
<p style="text-align: right;">DOI: <a href="https://doi.org/10.18485/slovenika.2018.4.1.8" target="_blank">https://doi.org/10.18485/slovenika.2018.4.1.8</a></p>
<p>Marija Stanonik<br />
ZRC SAZU<br />
Inštitut za slovensko narodopisje<br />
Ljubjana, Slovenia<br />
<a href="mailto:marija.stanonik@zrc-sazu.si" target="_blank">marija.stanonik@zrc-sazu.si</a></p>
<h4><em>Na dobroti svet stoji</em>:  izkušnje slovenskih izgnancev med II. svetovno vojno v okupirano Srbijo in nacistično Nemčijo /<br />
<em>Na dobroti svet opstaje</em>: iskustva slovenačkih izgnanika poslatih u okupiranu Srbiju i nacističku Nemačku, za vreme Drugog svetskog rata</h4>
<p><a href="https://slovenci.rs/wp-content/uploads/2018/12/slovenika.2018.4.1.8.pdf" target="_blank">Članak (PDF) | Članek (PDF) | Paper (PDF)</a></p>

<p>Slovenika IV (2018) 189-217 Strokovni članek UDK: 94:314.151.3-054.73(=163.6)(497.11)&#8220;1941/1945&#8243;(093.3) 94:314.151.3-054.73(=163.6)(430)&#8220;1941/1945&#8243;(093.3) Tekst primljen za objavljivanje 03. 12. 2018. Besedilo sprejeto za objavo 03. 12. 2018 DOI: https://doi.org/10.18485/slovenika.2018.4.1.8 Marija Stanonik ZRC SAZU Inštitut za slovensko narodopisje Ljubjana, Slovenia marija.stanonik@zrc-sazu.si Na dobroti svet stoji:  izkušnje slovenskih izgnancev med II. svetovno vojno v okupirano Srbijo in nacistično Nemčijo / Na [&hellip;]</p>
