{"id":3938,"date":"2019-01-15T12:05:02","date_gmt":"2019-01-15T11:05:02","guid":{"rendered":"https:\/\/slovenci.rs\/?page_id=3938"},"modified":"2019-01-15T12:05:02","modified_gmt":"2019-01-15T11:05:02","slug":"sivacek-2018","status":"publish","type":"page","link":"https:\/\/slovenci.rs\/sl\/sivacek-2018\/","title":{"rendered":"Jo\u017ee Siva\u010dek, Josip Ple\u010dnik \u2013 misija u \u010ce\u0161koj"},"content":{"rendered":"<p style=\"text-align: right;\">Slovenika IV (2018) 219-230<br \/>\nUDK: 72.071.1:929 Ple\u010dnik J.<br \/>\n72(437)<br \/>\nPrilog biografiji<\/p>\n<p>Jo\u017ee Siva\u010dek<br \/>\nUniverzitet odbrane<br \/>\nBeograd, Srbija<br \/>\n<a href=\"mailto:jsivacek@yahoo.com\">jsivacek@yahoo.com<\/a><\/p>\n<h4>Josip Ple\u010dnik \u2013 misija u \u010ce\u0161koj \/ Josip Ple\u010dnik \u2013 misija na \u010ce\u0161kem<\/h4>\n<p><a href=\"https:\/\/slovenci.rs\/wp-content\/uploads\/2019\/01\/sivacek-2018.pdf\" target=\"_blank\">\u010clanak (PDF) | \u010clanek (PDF) | Paper (PDF)<\/a><\/p>","protected":false},"excerpt":{"rendered":"<p>Slovenika IV (2018) 219-230 UDK: 72.071.1:929 Ple\u010dnik J. 72(437) Prilog biografiji Jo\u017ee Siva\u010dek Univerzitet odbrane Beograd, Srbija jsivacek@yahoo.com Josip Ple\u010dnik \u2013 misija u \u010ce\u0161koj \/ Josip Ple\u010dnik \u2013 misija na \u010ce\u0161kem \u010clanak (PDF) | \u010clanek (PDF) | Paper (PDF)<\/p>","protected":false},"author":1,"featured_media":0,"parent":0,"menu_order":0,"comment_status":"closed","ping_status":"closed","template":"","meta":{"footnotes":""},"class_list":["post-3938","page","type-page","status-publish","hentry","post"],"_links":{"self":[{"href":"https:\/\/slovenci.rs\/sl\/wp-json\/wp\/v2\/pages\/3938","targetHints":{"allow":["GET"]}}],"collection":[{"href":"https:\/\/slovenci.rs\/sl\/wp-json\/wp\/v2\/pages"}],"about":[{"href":"https:\/\/slovenci.rs\/sl\/wp-json\/wp\/v2\/types\/page"}],"author":[{"embeddable":true,"href":"https:\/\/slovenci.rs\/sl\/wp-json\/wp\/v2\/users\/1"}],"replies":[{"embeddable":true,"href":"https:\/\/slovenci.rs\/sl\/wp-json\/wp\/v2\/comments?post=3938"}],"version-history":[{"count":1,"href":"https:\/\/slovenci.rs\/sl\/wp-json\/wp\/v2\/pages\/3938\/revisions"}],"predecessor-version":[{"id":3939,"href":"https:\/\/slovenci.rs\/sl\/wp-json\/wp\/v2\/pages\/3938\/revisions\/3939"}],"wp:attachment":[{"href":"https:\/\/slovenci.rs\/sl\/wp-json\/wp\/v2\/media?parent=3938"}],"curies":[{"name":"wp","href":"https:\/\/api.w.org\/{rel}","templated":true}]}}

Jože Sivaček, Josip Plečnik – misija u Češkoj

<p style="text-align: right;">Slovenika IV (2018) 219-230<br />
UDK: 72.071.1:929 Plečnik J.<br />
72(437)<br />
Prilog biografiji</p>
<p>Jože Sivaček<br />
Univerzitet odbrane<br />
Beograd, Srbija<br />
<a href="mailto:jsivacek@yahoo.com">jsivacek@yahoo.com</a></p>
<h4>Josip Plečnik – misija u Češkoj / Josip Plečnik – misija na Češkem</h4>
<p><a href="https://slovenci.rs/wp-content/uploads/2019/01/sivacek-2018.pdf" target="_blank">Članak (PDF) | Članek (PDF) | Paper (PDF)</a></p>

<p>Slovenika IV (2018) 219-230 UDK: 72.071.1:929 Plečnik J. 72(437) Prilog biografiji Jože Sivaček Univerzitet odbrane Beograd, Srbija jsivacek@yahoo.com Josip Plečnik – misija u Češkoj / Josip Plečnik – misija na Češkem Članak (PDF) | Članek (PDF) | Paper (PDF)</p>
