{"id":3954,"date":"2019-01-15T12:19:15","date_gmt":"2019-01-15T11:19:15","guid":{"rendered":"https:\/\/slovenci.rs\/?page_id=3954"},"modified":"2019-01-15T12:19:15","modified_gmt":"2019-01-15T11:19:15","slug":"petrovic-2018","status":"publish","type":"page","link":"https:\/\/slovenci.rs\/sl\/petrovic-2018\/","title":{"rendered":"Tanja Petrovi\u0107, Vojko Gorjanc Nije re\u010dnik za seljaka"},"content":{"rendered":"<p style=\"text-align: right;\">Slovenika IV (2018) 259-261<br \/>\nPrikaz<\/p>\n<p>Tanja Petrovi\u0107<br \/>\nZRC SAZU<br \/>\nIn\u0161titut za kulturne in spominske \u0161tudije<br \/>\nLjubljana, Slovenija<br \/>\n<a href=\"mailto:tanja.petrovic@zrc-sazu.si\">tanja.petrovic@zrc-sazu.si<\/a><\/p>\n<h4>Vojko Gorjanc <em>Nije re\u010dnik za seljaka<\/em> \/ Vojko Gorjanc <em>Slovar ni za kmet<\/em><\/h4>\n<p><a href=\"https:\/\/slovenci.rs\/wp-content\/uploads\/2019\/01\/petrovic-2018.pdf\" target=\"_blank\">\u010clanak (PDF) | \u010clanek (PDF) | Paper (PDF)<\/a><\/p>\n<p>&nbsp;<\/p>","protected":false},"excerpt":{"rendered":"<p>Slovenika IV (2018) 259-261 Prikaz Tanja Petrovi\u0107 ZRC SAZU In\u0161titut za kulturne in spominske \u0161tudije Ljubljana, Slovenija tanja.petrovic@zrc-sazu.si Vojko Gorjanc Nije re\u010dnik za seljaka \/ Vojko Gorjanc Slovar ni za kmet \u010clanak (PDF) | \u010clanek (PDF) | Paper (PDF) &nbsp;<\/p>","protected":false},"author":1,"featured_media":0,"parent":0,"menu_order":0,"comment_status":"closed","ping_status":"closed","template":"","meta":{"footnotes":""},"class_list":["post-3954","page","type-page","status-publish","hentry","post"],"_links":{"self":[{"href":"https:\/\/slovenci.rs\/sl\/wp-json\/wp\/v2\/pages\/3954","targetHints":{"allow":["GET"]}}],"collection":[{"href":"https:\/\/slovenci.rs\/sl\/wp-json\/wp\/v2\/pages"}],"about":[{"href":"https:\/\/slovenci.rs\/sl\/wp-json\/wp\/v2\/types\/page"}],"author":[{"embeddable":true,"href":"https:\/\/slovenci.rs\/sl\/wp-json\/wp\/v2\/users\/1"}],"replies":[{"embeddable":true,"href":"https:\/\/slovenci.rs\/sl\/wp-json\/wp\/v2\/comments?post=3954"}],"version-history":[{"count":1,"href":"https:\/\/slovenci.rs\/sl\/wp-json\/wp\/v2\/pages\/3954\/revisions"}],"predecessor-version":[{"id":3955,"href":"https:\/\/slovenci.rs\/sl\/wp-json\/wp\/v2\/pages\/3954\/revisions\/3955"}],"wp:attachment":[{"href":"https:\/\/slovenci.rs\/sl\/wp-json\/wp\/v2\/media?parent=3954"}],"curies":[{"name":"wp","href":"https:\/\/api.w.org\/{rel}","templated":true}]}}

Tanja Petrović, Vojko Gorjanc Nije rečnik za seljaka

<p style="text-align: right;">Slovenika IV (2018) 259-261<br />
Prikaz</p>
<p>Tanja Petrović<br />
ZRC SAZU<br />
Inštitut za kulturne in spominske študije<br />
Ljubljana, Slovenija<br />
<a href="mailto:tanja.petrovic@zrc-sazu.si">tanja.petrovic@zrc-sazu.si</a></p>
<h4>Vojko Gorjanc <em>Nije rečnik za seljaka</em> / Vojko Gorjanc <em>Slovar ni za kmet</em></h4>
<p><a href="https://slovenci.rs/wp-content/uploads/2019/01/petrovic-2018.pdf" target="_blank">Članak (PDF) | Članek (PDF) | Paper (PDF)</a></p>
<p>&nbsp;</p>

<p>Slovenika IV (2018) 259-261 Prikaz Tanja Petrović ZRC SAZU Inštitut za kulturne in spominske študije Ljubljana, Slovenija tanja.petrovic@zrc-sazu.si Vojko Gorjanc Nije rečnik za seljaka / Vojko Gorjanc Slovar ni za kmet Članak (PDF) | Članek (PDF) | Paper (PDF) &nbsp;</p>
