{"id":3957,"date":"2019-01-15T12:21:15","date_gmt":"2019-01-15T11:21:15","guid":{"rendered":"https:\/\/slovenci.rs\/?page_id=3957"},"modified":"2019-01-15T12:21:15","modified_gmt":"2019-01-15T11:21:15","slug":"zupanc-2018","status":"publish","type":"page","link":"https:\/\/slovenci.rs\/sl\/zupanc-2018\/","title":{"rendered":"Dragomir Zupanc, Vlado \u0160kafar Devojka i drvo"},"content":{"rendered":"<p style=\"text-align: right;\">Slovenika IV (2018) 263-264<br \/>\nPrikaz<\/p>\n<p>Dragomir Zupanc<br \/>\nBeograd, Srbija<br \/>\n<a href=\"mailto:dragomirzupanc@gmail.com\" target=\"_blank\">dragomirzupanc@gmail.com<\/a><\/p>\n<h4>Vlado \u0160kafar <em>D<\/em><em>evojka i drvo <\/em>\/ Vlado \u0160kafar <em>Deklica in drevo<\/em><\/h4>\n<p><a href=\"https:\/\/slovenci.rs\/wp-content\/uploads\/2019\/01\/zupanc-2018.pdf\" target=\"_blank\">\u010clanak (PDF) | \u010clanek (PDF) | Paper (PDF)<\/a><\/p>","protected":false},"excerpt":{"rendered":"<p>Slovenika IV (2018) 263-264 Prikaz Dragomir Zupanc Beograd, Srbija dragomirzupanc@gmail.com Vlado \u0160kafar Devojka i drvo \/ Vlado \u0160kafar Deklica in drevo \u010clanak (PDF) | \u010clanek (PDF) | Paper (PDF)<\/p>","protected":false},"author":1,"featured_media":0,"parent":0,"menu_order":0,"comment_status":"closed","ping_status":"closed","template":"","meta":{"footnotes":""},"class_list":["post-3957","page","type-page","status-publish","hentry","post"],"_links":{"self":[{"href":"https:\/\/slovenci.rs\/sl\/wp-json\/wp\/v2\/pages\/3957","targetHints":{"allow":["GET"]}}],"collection":[{"href":"https:\/\/slovenci.rs\/sl\/wp-json\/wp\/v2\/pages"}],"about":[{"href":"https:\/\/slovenci.rs\/sl\/wp-json\/wp\/v2\/types\/page"}],"author":[{"embeddable":true,"href":"https:\/\/slovenci.rs\/sl\/wp-json\/wp\/v2\/users\/1"}],"replies":[{"embeddable":true,"href":"https:\/\/slovenci.rs\/sl\/wp-json\/wp\/v2\/comments?post=3957"}],"version-history":[{"count":1,"href":"https:\/\/slovenci.rs\/sl\/wp-json\/wp\/v2\/pages\/3957\/revisions"}],"predecessor-version":[{"id":3958,"href":"https:\/\/slovenci.rs\/sl\/wp-json\/wp\/v2\/pages\/3957\/revisions\/3958"}],"wp:attachment":[{"href":"https:\/\/slovenci.rs\/sl\/wp-json\/wp\/v2\/media?parent=3957"}],"curies":[{"name":"wp","href":"https:\/\/api.w.org\/{rel}","templated":true}]}}

Dragomir Zupanc, Vlado Škafar Devojka i drvo

<p style="text-align: right;">Slovenika IV (2018) 263-264<br />
Prikaz</p>
<p>Dragomir Zupanc<br />
Beograd, Srbija<br />
<a href="mailto:dragomirzupanc@gmail.com" target="_blank">dragomirzupanc@gmail.com</a></p>
<h4>Vlado Škafar <em>D</em><em>evojka i drvo </em>/ Vlado Škafar <em>Deklica in drevo</em></h4>
<p><a href="https://slovenci.rs/wp-content/uploads/2019/01/zupanc-2018.pdf" target="_blank">Članak (PDF) | Članek (PDF) | Paper (PDF)</a></p>

<p>Slovenika IV (2018) 263-264 Prikaz Dragomir Zupanc Beograd, Srbija dragomirzupanc@gmail.com Vlado Škafar Devojka i drvo / Vlado Škafar Deklica in drevo Članak (PDF) | Članek (PDF) | Paper (PDF)</p>
