{"id":3960,"date":"2019-01-15T12:24:02","date_gmt":"2019-01-15T11:24:02","guid":{"rendered":"https:\/\/slovenci.rs\/?page_id=3960"},"modified":"2019-01-15T12:24:02","modified_gmt":"2019-01-15T11:24:02","slug":"ignjatov-2018","status":"publish","type":"page","link":"https:\/\/slovenci.rs\/sl\/ignjatov-2018\/","title":{"rendered":"Vladislava Ignjatov, Izlo\u017eba Kultura se\u0107anja : ko ne pamti, iznova pro\u017eivljava"},"content":{"rendered":"<p style=\"text-align: right;\">Slovenika IV (2018) 265-267<br \/>\nPrikaz<\/p>\n<p>Vladislava Ignjatov<br \/>\nNarodni muzej Zrenjanin<br \/>\nSrbija<br \/>\n<a href=\"mailto:vanja1406@hotmail.rs\" target=\"_blank\">vanja1406@hotmail.rs<\/a><\/p>\n<h4>Izlo\u017eba <em>Kultura se\u0107anja : ko ne pamti<\/em><em>,<\/em> <em>iznova pro\u017eivljava<\/em> u Narodnom muzeju Zrenjanin \/ Razstava <em>Kultura spomina : kdor se ne spominja, ponovno do\u017eivlja<\/em> v Narodnom muzeju Zrenjanin<\/h4>\n<p><a href=\"https:\/\/slovenci.rs\/wp-content\/uploads\/2019\/01\/ignjatov-2018.pdf\" target=\"_blank\">\u010clanak (PDF) | \u010clanek (PDF) | Paper (PDF)<\/a><\/p>\n<p>&nbsp;<\/p>","protected":false},"excerpt":{"rendered":"<p>Slovenika IV (2018) 265-267 Prikaz Vladislava Ignjatov Narodni muzej Zrenjanin Srbija vanja1406@hotmail.rs Izlo\u017eba Kultura se\u0107anja : ko ne pamti, iznova pro\u017eivljava u Narodnom muzeju Zrenjanin \/ Razstava Kultura spomina : kdor se ne spominja, ponovno do\u017eivlja v Narodnom muzeju Zrenjanin \u010clanak (PDF) | \u010clanek (PDF) | Paper (PDF) &nbsp;<\/p>","protected":false},"author":1,"featured_media":0,"parent":0,"menu_order":0,"comment_status":"closed","ping_status":"closed","template":"","meta":{"footnotes":""},"class_list":["post-3960","page","type-page","status-publish","hentry","post"],"_links":{"self":[{"href":"https:\/\/slovenci.rs\/sl\/wp-json\/wp\/v2\/pages\/3960","targetHints":{"allow":["GET"]}}],"collection":[{"href":"https:\/\/slovenci.rs\/sl\/wp-json\/wp\/v2\/pages"}],"about":[{"href":"https:\/\/slovenci.rs\/sl\/wp-json\/wp\/v2\/types\/page"}],"author":[{"embeddable":true,"href":"https:\/\/slovenci.rs\/sl\/wp-json\/wp\/v2\/users\/1"}],"replies":[{"embeddable":true,"href":"https:\/\/slovenci.rs\/sl\/wp-json\/wp\/v2\/comments?post=3960"}],"version-history":[{"count":1,"href":"https:\/\/slovenci.rs\/sl\/wp-json\/wp\/v2\/pages\/3960\/revisions"}],"predecessor-version":[{"id":3961,"href":"https:\/\/slovenci.rs\/sl\/wp-json\/wp\/v2\/pages\/3960\/revisions\/3961"}],"wp:attachment":[{"href":"https:\/\/slovenci.rs\/sl\/wp-json\/wp\/v2\/media?parent=3960"}],"curies":[{"name":"wp","href":"https:\/\/api.w.org\/{rel}","templated":true}]}}

Vladislava Ignjatov, Izložba Kultura sećanja : ko ne pamti, iznova proživljava

<p style="text-align: right;">Slovenika IV (2018) 265-267<br />
Prikaz</p>
<p>Vladislava Ignjatov<br />
Narodni muzej Zrenjanin<br />
Srbija<br />
<a href="mailto:vanja1406@hotmail.rs" target="_blank">vanja1406@hotmail.rs</a></p>
<h4>Izložba <em>Kultura sećanja : ko ne pamti</em><em>,</em> <em>iznova proživljava</em> u Narodnom muzeju Zrenjanin / Razstava <em>Kultura spomina : kdor se ne spominja, ponovno doživlja</em> v Narodnom muzeju Zrenjanin</h4>
<p><a href="https://slovenci.rs/wp-content/uploads/2019/01/ignjatov-2018.pdf" target="_blank">Članak (PDF) | Članek (PDF) | Paper (PDF)</a></p>
<p>&nbsp;</p>

<p>Slovenika IV (2018) 265-267 Prikaz Vladislava Ignjatov Narodni muzej Zrenjanin Srbija vanja1406@hotmail.rs Izložba Kultura sećanja : ko ne pamti, iznova proživljava u Narodnom muzeju Zrenjanin / Razstava Kultura spomina : kdor se ne spominja, ponovno doživlja v Narodnom muzeju Zrenjanin Članak (PDF) | Članek (PDF) | Paper (PDF) &nbsp;</p>
