{"id":4992,"date":"2022-11-17T23:31:13","date_gmt":"2022-11-17T22:31:13","guid":{"rendered":"https:\/\/slovenci.rs\/?page_id=4992"},"modified":"2023-02-13T00:30:38","modified_gmt":"2023-02-12T23:30:38","slug":"fondacija-slovenika","status":"publish","type":"page","link":"https:\/\/slovenci.rs\/sl\/fondacija-slovenika\/","title":{"rendered":"FONDACIJA SLOVENIKA"},"content":{"rendered":"<p>&nbsp;<\/p>\n<p style=\"text-align: justify;\">Nacionalni svet slovenske narodne manj\u0161ine v Srbiji je leta 2021 ustanovil Fondacijo Slovenika kot nedobitno in nevladino organizacijo ustanovljeno na nedolo\u010den \u010das, zaradi dobrodelne realizacije splo\u0161no koristnih ciljev utemeljenih v Memorandumu o ustanovitvi.<\/p>\n<p style=\"text-align: justify;\">Fondacija je pravna oseba in za obveznosti prevzete v pravnem prometu odgovarja s svojim celotnim premo\u017eenjem.<\/p>\n<p style=\"text-align: justify;\">Ime in sede\u017e: Ime fondacije je <strong>Fondacija Slovenika<\/strong>. Sede\u017e Fondacije je v Beogradu, Terazije 3\/9.<\/p>\n<p style=\"text-align: justify;\">Cilji:<\/p>\n<p style=\"text-align: justify;\">Cilji ustanovitve fondacije so:<\/p>\n<ul style=\"text-align: justify;\">\n<li>Promoviranje in izbolj\u0161anje polo\u017eaja \u010dlanov slovenske narodne manj\u0161ine v Republiki Srbiji na podro\u010dju \u010dlovekovih in manj\u0161inskih pravic<\/li>\n<li>Promoviranje in izbolj\u0161anje polo\u017eaja \u010dlanov slovenske narodne manj\u0161ine v Republiki Srbiji na podro\u010dju kulture, javnega informiranja in izobra\u017eevanja<\/li>\n<li>Promoviranje in izbolj\u0161anje javnih pooblastil ustanoviteljev na podro\u010dju kulture, javnega informiranja in izobra\u017eevanja v domenu samouprave, katero izpeljuje ustanovitelj, skladno z zakonom<\/li>\n<\/ul>\n<p style=\"text-align: justify;\">Fondacija ima Upravni odbor in upravitelja s \u0161tiri letnim mandatom.<\/p>\n<p style=\"text-align: justify;\">Fondacija se financira preko donacij, prostovoljnih prispevkov in drugih prihodkih pridobljenih na zakonit na\u010din.<\/p>\n<p style=\"text-align: justify;\">Delo fondacije je javno. Fondacija o svojem delu poro\u010da v letnem poro\u010dilu preko spletne strani ali na drugi na\u010din.<\/p>\n<p style=\"text-align: justify;\">Upravni odbor<\/p>\n<ol style=\"text-align: justify;\">\n<li>Sa\u0161a Radi\u0107, predsednik UO<\/li>\n<li>Dino Dolni\u010dar, zamestnik predsednika UO<\/li>\n<li>\u0110or\u0111e Veselinov, \u010dlan<\/li>\n<li>Elza Ajdukovi\u0107, \u010dlan<\/li>\n<li>Dejan Tasi\u0107, \u010dlan<\/li>\n<\/ol>\n<p style=\"text-align: justify;\">Upravitelj: Sa\u0161a Verbi\u010d<\/p>\n<p><a title=\"Statut Fondacije 22.11.2021\" href=\"https:\/\/slovenci.rs\/sl\/?p=4997\">Statut Fondacije 22.11.2021<\/a><\/p>\n<p style=\"text-align: justify;\">","protected":false},"excerpt":{"rendered":"<p>&nbsp; Nacionalni svet slovenske narodne manj\u0161ine v Srbiji je leta 2021 ustanovil Fondacijo Slovenika kot nedobitno in nevladino organizacijo ustanovljeno na nedolo\u010den \u010das, zaradi dobrodelne realizacije splo\u0161no koristnih ciljev utemeljenih v Memorandumu o ustanovitvi. Fondacija je pravna oseba in za obveznosti prevzete v pravnem prometu odgovarja s svojim celotnim premo\u017eenjem. Ime in sede\u017e: Ime fondacije [&hellip;]<\/p>\n","protected":false},"author":1,"featured_media":0,"parent":0,"menu_order":13,"comment_status":"closed","ping_status":"closed","template":"","meta":{"footnotes":""},"class_list":["post-4992","page","type-page","status-publish","hentry","post"],"_links":{"self":[{"href":"https:\/\/slovenci.rs\/sl\/wp-json\/wp\/v2\/pages\/4992","targetHints":{"allow":["GET"]}}],"collection":[{"href":"https:\/\/slovenci.rs\/sl\/wp-json\/wp\/v2\/pages"}],"about":[{"href":"https:\/\/slovenci.rs\/sl\/wp-json\/wp\/v2\/types\/page"}],"author":[{"embeddable":true,"href":"https:\/\/slovenci.rs\/sl\/wp-json\/wp\/v2\/users\/1"}],"replies":[{"embeddable":true,"href":"https:\/\/slovenci.rs\/sl\/wp-json\/wp\/v2\/comments?post=4992"}],"version-history":[{"count":5,"href":"https:\/\/slovenci.rs\/sl\/wp-json\/wp\/v2\/pages\/4992\/revisions"}],"predecessor-version":[{"id":5003,"href":"https:\/\/slovenci.rs\/sl\/wp-json\/wp\/v2\/pages\/4992\/revisions\/5003"}],"wp:attachment":[{"href":"https:\/\/slovenci.rs\/sl\/wp-json\/wp\/v2\/media?parent=4992"}],"curies":[{"name":"wp","href":"https:\/\/api.w.org\/{rel}","templated":true}]}}

<p>&nbsp;</p>
<p style="text-align: justify;">Nacionalni svet slovenske narodne manjšine v Srbiji je leta 2021 ustanovil Fondacijo Slovenika kot nedobitno in nevladino organizacijo ustanovljeno na nedoločen čas, zaradi dobrodelne realizacije splošno koristnih ciljev utemeljenih v Memorandumu o ustanovitvi.</p>
<p style="text-align: justify;">Fondacija je pravna oseba in za obveznosti prevzete v pravnem prometu odgovarja s svojim celotnim premoženjem.</p>
<p style="text-align: justify;">Ime in sedež: Ime fondacije je <strong>Fondacija Slovenika</strong>. Sedež Fondacije je v Beogradu, Terazije 3/9.</p>
<p style="text-align: justify;">Cilji:</p>
<p style="text-align: justify;">Cilji ustanovitve fondacije so:</p>
<ul style="text-align: justify;">
<li>Promoviranje in izboljšanje položaja članov slovenske narodne manjšine v Republiki Srbiji na področju človekovih in manjšinskih pravic</li>
<li>Promoviranje in izboljšanje položaja članov slovenske narodne manjšine v Republiki Srbiji na področju kulture, javnega informiranja in izobraževanja</li>
<li>Promoviranje in izboljšanje javnih pooblastil ustanoviteljev na področju kulture, javnega informiranja in izobraževanja v domenu samouprave, katero izpeljuje ustanovitelj, skladno z zakonom</li>
</ul>
<p style="text-align: justify;">Fondacija ima Upravni odbor in upravitelja s štiri letnim mandatom.</p>
<p style="text-align: justify;">Fondacija se financira preko donacij, prostovoljnih prispevkov in drugih prihodkih pridobljenih na zakonit način.</p>
<p style="text-align: justify;">Delo fondacije je javno. Fondacija o svojem delu poroča v letnem poročilu preko spletne strani ali na drugi način.</p>
<p style="text-align: justify;">Upravni odbor</p>
<ol style="text-align: justify;">
<li>Saša Radić, predsednik UO</li>
<li>Dino Dolničar, zamestnik predsednika UO</li>
<li>Đorđe Veselinov, član</li>
<li>Elza Ajduković, član</li>
<li>Dejan Tasić, član</li>
</ol>
<p style="text-align: justify;">Upravitelj: Saša Verbič</p>
<p><a title="Statut Fondacije 22.11.2021" href="https://slovenci.rs/sl/?p=4997">Statut Fondacije 22.11.2021</a></p>
<p style="text-align: justify;">

<p>&nbsp; Nacionalni svet slovenske narodne manjšine v Srbiji je leta 2021 ustanovil Fondacijo Slovenika kot nedobitno in nevladino organizacijo ustanovljeno na nedoločen čas, zaradi dobrodelne realizacije splošno koristnih ciljev utemeljenih v Memorandumu o ustanovitvi. Fondacija je pravna oseba in za obveznosti prevzete v pravnem prometu odgovarja s svojim celotnim premoženjem. Ime in sedež: Ime fondacije [&hellip;]</p>
