{"id":5173,"date":"2023-02-12T21:29:52","date_gmt":"2023-02-12T20:29:52","guid":{"rendered":"https:\/\/slovenci.rs\/?page_id=5173"},"modified":"2023-02-12T21:29:52","modified_gmt":"2023-02-12T20:29:52","slug":"mihovil-logar-moja-prva-leta-bivanja-v-beogradu-med-naslednjimi-petdesetimi","status":"publish","type":"page","link":"https:\/\/slovenci.rs\/sl\/mihovil-logar-moja-prva-leta-bivanja-v-beogradu-med-naslednjimi-petdesetimi\/","title":{"rendered":"MIHOVIL LOGAR, MOJA PRVA LETA BIVANJA V BEOGRADU, MED NASLEDNJIMI PETDESETIMI"},"content":{"rendered":"<p class=\"has-text-align-right wp-block-paragraph\">Slovenika VIII (2022) 225-235<br>Prevod<\/p>\n\n\n\n<p class=\"wp-block-paragraph\"><strong>Mihovil Logar<\/strong><br>Prevela Maja \u0110ukanovi\u0107<\/p>\n\n\n\n<h4 class=\"wp-block-heading\">Moja prva leta bivanja v Beogradu, med naslednjimi petdesetimi \/ Moje prve godine boravka u Beogradu me\u0111u pedeset daljih<\/h4>\n\n\n\n<p class=\"wp-block-paragraph\"><a href=\"https:\/\/slovenci.rs\/wp-content\/uploads\/2023\/02\/Moja-prva-leta-bivanja.pdf\" data-type=\"URL\" data-id=\"https:\/\/slovenci.rs\/wp-content\/uploads\/2023\/02\/Moja-prva-leta-bivanja.pdf\" target=\"_blank\" rel=\"noreferrer noopener\">\u010clanek (PDF) | \u010clanak (PDF)<\/a><\/p>","protected":false},"excerpt":{"rendered":"<p>Slovenika VIII (2022) 225-235Prevod Mihovil LogarPrevela Maja \u0110ukanovi\u0107 Moja prva leta bivanja v Beogradu, med naslednjimi petdesetimi \/ Moje prve godine boravka u Beogradu me\u0111u pedeset daljih \u010clanek (PDF) | \u010clanak (PDF)<\/p>","protected":false},"author":1,"featured_media":0,"parent":0,"menu_order":0,"comment_status":"closed","ping_status":"closed","template":"","meta":{"footnotes":""},"class_list":["post-5173","page","type-page","status-publish","hentry","post"],"_links":{"self":[{"href":"https:\/\/slovenci.rs\/sl\/wp-json\/wp\/v2\/pages\/5173","targetHints":{"allow":["GET"]}}],"collection":[{"href":"https:\/\/slovenci.rs\/sl\/wp-json\/wp\/v2\/pages"}],"about":[{"href":"https:\/\/slovenci.rs\/sl\/wp-json\/wp\/v2\/types\/page"}],"author":[{"embeddable":true,"href":"https:\/\/slovenci.rs\/sl\/wp-json\/wp\/v2\/users\/1"}],"replies":[{"embeddable":true,"href":"https:\/\/slovenci.rs\/sl\/wp-json\/wp\/v2\/comments?post=5173"}],"version-history":[{"count":1,"href":"https:\/\/slovenci.rs\/sl\/wp-json\/wp\/v2\/pages\/5173\/revisions"}],"predecessor-version":[{"id":5175,"href":"https:\/\/slovenci.rs\/sl\/wp-json\/wp\/v2\/pages\/5173\/revisions\/5175"}],"wp:attachment":[{"href":"https:\/\/slovenci.rs\/sl\/wp-json\/wp\/v2\/media?parent=5173"}],"curies":[{"name":"wp","href":"https:\/\/api.w.org\/{rel}","templated":true}]}}

<p class="has-text-align-right wp-block-paragraph">Slovenika VIII (2022) 225-235<br>Prevod</p>



<p class="wp-block-paragraph"><strong>Mihovil Logar</strong><br>Prevela Maja Đukanović</p>



<h4 class="wp-block-heading">Moja prva leta bivanja v Beogradu, med naslednjimi petdesetimi / Moje prve godine boravka u Beogradu među pedeset daljih</h4>



<p class="wp-block-paragraph"><a href="https://slovenci.rs/wp-content/uploads/2023/02/Moja-prva-leta-bivanja.pdf" data-type="URL" data-id="https://slovenci.rs/wp-content/uploads/2023/02/Moja-prva-leta-bivanja.pdf" target="_blank" rel="noreferrer noopener">Članek (PDF) | Članak (PDF)</a></p>

<p>Slovenika VIII (2022) 225-235Prevod Mihovil LogarPrevela Maja Đukanović Moja prva leta bivanja v Beogradu, med naslednjimi petdesetimi / Moje prve godine boravka u Beogradu među pedeset daljih Članek (PDF) | Članak (PDF)</p>
