{"id":5192,"date":"2023-02-12T21:51:17","date_gmt":"2023-02-12T20:51:17","guid":{"rendered":"https:\/\/slovenci.rs\/?page_id=5192"},"modified":"2023-02-13T21:21:22","modified_gmt":"2023-02-13T20:21:22","slug":"bostjan-bozic-dva-jubileja-lektorata-za-slovenski-jezik-na-filoloski-fakulteti-univerze-v-beogradu","status":"publish","type":"page","link":"https:\/\/slovenci.rs\/sl\/bostjan-bozic-dva-jubileja-lektorata-za-slovenski-jezik-na-filoloski-fakulteti-univerze-v-beogradu\/","title":{"rendered":"BO\u0160TJAN BO\u017dI\u010c, DVA JUBILEJA LEKTORATA ZA SLOVENSKI JEZIK NA FILOLO\u0160KI FAKULTETI UNIVERZE V BEOGRADU"},"content":{"rendered":"<p class=\"has-text-align-right wp-block-paragraph\">Slovenika VIII (2022) 253-254<br>Prikaz<\/p>\n\n\n\n<p class=\"wp-block-paragraph\"><strong>Bo\u0161tjan Bo\u017ei\u010d<br><\/strong>Univerza v Ljubljani<br>Filozofska fakulteta<br>Slovenija<br><a href=\"mailto:Bostjan.Bozic@ff.uni-lj.si\">Bostjan.Bozic@ff.uni-lj.si<\/a><\/p>\n\n\n\n<h4 class=\"wp-block-heading\">Dva jubileja lektorata za slovenski jezik na Filolo\u0161ki fakulteti Univerze v Beogradu \/ Dva jubileja lektorata za slovena\u010dki jezik na Filolo\u0161kom fakultetu Univerziteta u Beogradu<\/h4>\n\n\n\n<p class=\"wp-block-paragraph\"><a href=\"https:\/\/slovenci.rs\/wp-content\/uploads\/2023\/02\/Bostjan_Bozic.pdf\" data-type=\"URL\" data-id=\"https:\/\/slovenci.rs\/wp-content\/uploads\/2023\/02\/Bostjan_Bozic.pdf\" target=\"_blank\" rel=\"noreferrer noopener\">\u010clanek (PDF) | \u010clanak (P<\/a><a rel=\"noreferrer noopener\" href=\"https:\/\/slovenci.rs\/wp-content\/uploads\/2022\/01\/Dincic.pdf\" data-type=\"URL\" data-id=\"https:\/\/slovenci.rs\/wp-content\/uploads\/2022\/01\/Dincic.pdf\" target=\"_blank\">D<\/a><a rel=\"noreferrer noopener\" href=\"https:\/\/slovenci.rs\/wp-content\/uploads\/2022\/01\/Dincic.pdf\" target=\"_blank\">F)<\/a><\/p>","protected":false},"excerpt":{"rendered":"<p>Slovenika VIII (2022) 253-254Prikaz Bo\u0161tjan Bo\u017ei\u010dUniverza v LjubljaniFilozofska fakultetaSlovenijaBostjan.Bozic@ff.uni-lj.si Dva jubileja lektorata za slovenski jezik na Filolo\u0161ki fakulteti Univerze v Beogradu \/ Dva jubileja lektorata za slovena\u010dki jezik na Filolo\u0161kom fakultetu Univerziteta u Beogradu \u010clanek (PDF) | \u010clanak (PDF)<\/p>","protected":false},"author":1,"featured_media":0,"parent":0,"menu_order":0,"comment_status":"closed","ping_status":"closed","template":"","meta":{"footnotes":""},"class_list":["post-5192","page","type-page","status-publish","hentry","post"],"_links":{"self":[{"href":"https:\/\/slovenci.rs\/sl\/wp-json\/wp\/v2\/pages\/5192","targetHints":{"allow":["GET"]}}],"collection":[{"href":"https:\/\/slovenci.rs\/sl\/wp-json\/wp\/v2\/pages"}],"about":[{"href":"https:\/\/slovenci.rs\/sl\/wp-json\/wp\/v2\/types\/page"}],"author":[{"embeddable":true,"href":"https:\/\/slovenci.rs\/sl\/wp-json\/wp\/v2\/users\/1"}],"replies":[{"embeddable":true,"href":"https:\/\/slovenci.rs\/sl\/wp-json\/wp\/v2\/comments?post=5192"}],"version-history":[{"count":2,"href":"https:\/\/slovenci.rs\/sl\/wp-json\/wp\/v2\/pages\/5192\/revisions"}],"predecessor-version":[{"id":5299,"href":"https:\/\/slovenci.rs\/sl\/wp-json\/wp\/v2\/pages\/5192\/revisions\/5299"}],"wp:attachment":[{"href":"https:\/\/slovenci.rs\/sl\/wp-json\/wp\/v2\/media?parent=5192"}],"curies":[{"name":"wp","href":"https:\/\/api.w.org\/{rel}","templated":true}]}}

BOŠTJAN BOŽIČ, DVA JUBILEJA LEKTORATA ZA SLOVENSKI JEZIK NA FILOLOŠKI FAKULTETI UNIVERZE V BEOGRADU

<p class="has-text-align-right wp-block-paragraph">Slovenika VIII (2022) 253-254<br>Prikaz</p>



<p class="wp-block-paragraph"><strong>Boštjan Božič<br></strong>Univerza v Ljubljani<br>Filozofska fakulteta<br>Slovenija<br><a href="mailto:Bostjan.Bozic@ff.uni-lj.si">Bostjan.Bozic@ff.uni-lj.si</a></p>



<h4 class="wp-block-heading">Dva jubileja lektorata za slovenski jezik na Filološki fakulteti Univerze v Beogradu / Dva jubileja lektorata za slovenački jezik na Filološkom fakultetu Univerziteta u Beogradu</h4>



<p class="wp-block-paragraph"><a href="https://slovenci.rs/wp-content/uploads/2023/02/Bostjan_Bozic.pdf" data-type="URL" data-id="https://slovenci.rs/wp-content/uploads/2023/02/Bostjan_Bozic.pdf" target="_blank" rel="noreferrer noopener">Članek (PDF) | Članak (P</a><a rel="noreferrer noopener" href="https://slovenci.rs/wp-content/uploads/2022/01/Dincic.pdf" data-type="URL" data-id="https://slovenci.rs/wp-content/uploads/2022/01/Dincic.pdf" target="_blank">D</a><a rel="noreferrer noopener" href="https://slovenci.rs/wp-content/uploads/2022/01/Dincic.pdf" target="_blank">F)</a></p>

<p>Slovenika VIII (2022) 253-254Prikaz Boštjan BožičUniverza v LjubljaniFilozofska fakultetaSlovenijaBostjan.Bozic@ff.uni-lj.si Dva jubileja lektorata za slovenski jezik na Filološki fakulteti Univerze v Beogradu / Dva jubileja lektorata za slovenački jezik na Filološkom fakultetu Univerziteta u Beogradu Članek (PDF) | Članak (PDF)</p>
