{"id":5212,"date":"2023-02-12T22:26:54","date_gmt":"2023-02-12T21:26:54","guid":{"rendered":"https:\/\/slovenci.rs\/?page_id=5212"},"modified":"2023-02-12T22:26:54","modified_gmt":"2023-02-12T21:26:54","slug":"borko-kovacevic-projekat-avantes","status":"publish","type":"page","link":"https:\/\/slovenci.rs\/sl\/borko-kovacevic-projekat-avantes\/","title":{"rendered":"BORKO KOVA\u010cEVI\u0106, PROJEKAT AVANTES"},"content":{"rendered":"<p class=\"has-text-align-right wp-block-paragraph\">Slovenika VIII (2022) 259-261<br>Prikaz<\/p>\n\n\n\n<p class=\"wp-block-paragraph\"><strong>Borko Kova\u010devi\u0107<br><\/strong>Univerzitet u Beogradu<br>Filolo\u0161ki fakultet<br>Srbija<br><a href=\"mailto:borko.kovacevic@fil.bg.ac.rs\">borko.kovacevic@fil.bg.ac.rs<\/a><\/p>\n\n\n\n<h4 class=\"wp-block-heading\">Projekat <em>AVANTES<\/em> \/ Projekt <em>AVANTES<\/em><\/h4>\n\n\n\n<p class=\"wp-block-paragraph\"><a href=\"https:\/\/slovenci.rs\/wp-content\/uploads\/2023\/02\/Kovacevic_Borko.pdf\" data-type=\"URL\" data-id=\"https:\/\/slovenci.rs\/wp-content\/uploads\/2023\/02\/Kovacevic_Borko.pdf\" target=\"_blank\" rel=\"noreferrer noopener\">\u010clanak (PDF) | \u010clanek (P<\/a><a rel=\"noreferrer noopener\" href=\"https:\/\/slovenci.rs\/wp-content\/uploads\/2022\/01\/Dincic.pdf\" target=\"_blank\">DF)<\/a><\/p>","protected":false},"excerpt":{"rendered":"<p>Slovenika VIII (2022) 259-261Prikaz Borko Kova\u010devi\u0107Univerzitet u BeograduFilolo\u0161ki fakultetSrbijaborko.kovacevic@fil.bg.ac.rs Projekat AVANTES \/ Projekt AVANTES \u010clanak (PDF) | \u010clanek (PDF)<\/p>","protected":false},"author":1,"featured_media":0,"parent":0,"menu_order":0,"comment_status":"closed","ping_status":"closed","template":"","meta":{"footnotes":""},"class_list":["post-5212","page","type-page","status-publish","hentry","post"],"_links":{"self":[{"href":"https:\/\/slovenci.rs\/sl\/wp-json\/wp\/v2\/pages\/5212","targetHints":{"allow":["GET"]}}],"collection":[{"href":"https:\/\/slovenci.rs\/sl\/wp-json\/wp\/v2\/pages"}],"about":[{"href":"https:\/\/slovenci.rs\/sl\/wp-json\/wp\/v2\/types\/page"}],"author":[{"embeddable":true,"href":"https:\/\/slovenci.rs\/sl\/wp-json\/wp\/v2\/users\/1"}],"replies":[{"embeddable":true,"href":"https:\/\/slovenci.rs\/sl\/wp-json\/wp\/v2\/comments?post=5212"}],"version-history":[{"count":1,"href":"https:\/\/slovenci.rs\/sl\/wp-json\/wp\/v2\/pages\/5212\/revisions"}],"predecessor-version":[{"id":5213,"href":"https:\/\/slovenci.rs\/sl\/wp-json\/wp\/v2\/pages\/5212\/revisions\/5213"}],"wp:attachment":[{"href":"https:\/\/slovenci.rs\/sl\/wp-json\/wp\/v2\/media?parent=5212"}],"curies":[{"name":"wp","href":"https:\/\/api.w.org\/{rel}","templated":true}]}}

BORKO KOVAČEVIĆ, PROJEKAT AVANTES

<p class="has-text-align-right wp-block-paragraph">Slovenika VIII (2022) 259-261<br>Prikaz</p>



<p class="wp-block-paragraph"><strong>Borko Kovačević<br></strong>Univerzitet u Beogradu<br>Filološki fakultet<br>Srbija<br><a href="mailto:borko.kovacevic@fil.bg.ac.rs">borko.kovacevic@fil.bg.ac.rs</a></p>



<h4 class="wp-block-heading">Projekat <em>AVANTES</em> / Projekt <em>AVANTES</em></h4>



<p class="wp-block-paragraph"><a href="https://slovenci.rs/wp-content/uploads/2023/02/Kovacevic_Borko.pdf" data-type="URL" data-id="https://slovenci.rs/wp-content/uploads/2023/02/Kovacevic_Borko.pdf" target="_blank" rel="noreferrer noopener">Članak (PDF) | Članek (P</a><a rel="noreferrer noopener" href="https://slovenci.rs/wp-content/uploads/2022/01/Dincic.pdf" target="_blank">DF)</a></p>

<p>Slovenika VIII (2022) 259-261Prikaz Borko KovačevićUniverzitet u BeograduFilološki fakultetSrbijaborko.kovacevic@fil.bg.ac.rs Projekat AVANTES / Projekt AVANTES Članak (PDF) | Članek (PDF)</p>
