{"id":5450,"date":"2024-01-24T01:02:55","date_gmt":"2024-01-24T00:02:55","guid":{"rendered":"https:\/\/slovenci.rs\/?page_id=5450"},"modified":"2024-01-24T04:04:23","modified_gmt":"2024-01-24T03:04:23","slug":"slovenika-ix","status":"publish","type":"page","link":"https:\/\/slovenci.rs\/sl\/slovenika-ix\/","title":{"rendered":"Slovenika IX"},"content":{"rendered":"<p style=\"text-align: center;\"><img loading=\"lazy\" decoding=\"async\" class=\"aligncenter size-full wp-image-5442\" src=\"https:\/\/slovenci.rs\/wp-content\/uploads\/2024\/01\/slovenika9-e1705086971999.png\" alt=\"Slovenika 9\" width=\"206\" height=\"300\" \/><\/p>\n<p><a href=\"https:\/\/slovenci.rs\/sl\/impresum-slovenika-9\/\" target=\"_blank\" rel=\"noopener\">Impresum<\/a><\/p>\n<p>Tema broja \/ Tema \u0161tevilke<\/p>\n<p><strong>Povodom sto godina od ro\u0111enja Zlatana Vaude \/ Ob stoti obletnici rojstva Zlatana Vaude<br \/>\n<\/strong>(urednica broja \/ urednica \u0161tevilke Teodora Trajkovi\u0107<\/p>\n<p>&nbsp;<\/p>\n<h3>Sadr\u017eaj \/ Vsebina<\/h3>\n<p>Teodora Trajkovi\u0107<br \/>\n<a href=\"https:\/\/slovenci.rs\/sl\/teodora-trajkovic-uvodna-rec-uvodnik-editorial\/\" target=\"_blank\" rel=\"noopener\">Uvodna re\u010d \/ Uvodnik \/ Editorial<\/a><\/p>\n<p>&nbsp;<\/p>\n<p><strong>Nau\u010dni i stru\u010dni \u010dlanci \/ Znanstveni in strokovni \u010dlanki<\/strong><\/p>\n<p>Anica Sabo<br \/>\n<a href=\"https:\/\/slovenci.rs\/sl\/anica-sabo-zlatan-vauda-1923-2010-retrospekcije-izazovi-tumacenja-muzickog-toka\/\" target=\"_blank\" rel=\"noopener\">Zlatan Vauda (1923\u20132010) \u2013 <em>Retrospekcije<\/em>: izazovi tuma\u010denja muzi\u010dkog toka \/ Zlatan Vauda (1923\u20132010) \u2013 <em>Retrospekcije<\/em>: izzivi tolma\u010denja glasbenega toka<\/a><\/p>\n<p>Vanja Grbovi\u0107<br \/>\n<a href=\"https:\/\/slovenci.rs\/sl\/vanja-grbovic-decja-opera-jezeva-kuca-zlatana-vaude-u-svetlu-razlicitih-interpretacija\/\" target=\"_blank\" rel=\"noopener\">De\u010dja opera \u201eJe\u017eeva ku\u0107a\u201c Zlatana Vaude u svetlu razli\u010ditih interpretacija \/ Otro\u0161ka opera <em>Je\u017eeva hi\u0161ica <\/em>Zlatana Vaude v lu\u010di razli\u010dnih interpretacij<\/a><\/p>\n<p>Karmen Salmi\u010d Kova\u010di\u010d<br \/>\n<a href=\"https:\/\/slovenci.rs\/sl\/karmen-salmic-kovacic-zlatan-vauda-in-njegov-opus-med-dvema-domovinama\/\" target=\"_blank\" rel=\"noopener\">Zlatan Vauda in njegov opus med dvema domovinama \/ Zlatan Vauda i njegov opus izme\u0111u dve domovine<\/a><\/p>\n<p>Aleksandra Paladin<br \/>\n<a href=\"https:\/\/slovenci.rs\/sl\/aleksandra-paladin-zlatan-vauda-dirigent-decjeg-hora-radio-televizije-beograd\/\" target=\"_blank\" rel=\"noopener\">Zlatan Vauda \u2013 dirigent De\u010djeg hora Radio-televizije Beograd \/ Zlatan Vauda \u2013 dirigent Otro\u0161kega zbora Radio-televizije Beograd<\/a><\/p>\n<p>Nina Aksi\u0107<br \/>\n<a href=\"https:\/\/slovenci.rs\/sl\/nina-aksic-oslusnimo-koncertni-plakat-i-program-zlatan-vauda-i-decji-hor-rtb\/\" target=\"_blank\" rel=\"noopener\">Oslu\u0161nimo koncertni plakat i program: Zlatan Vauda i De\u010dji hor RTB \/ Prisluhnimo koncertnemu plakatu in programu: Zlatan Vauda in Otro\u0161ki zbor RTB<\/a><\/p>\n<p>Irina Maksimovi\u0107 \u0160a\u0161i\u0107<br \/>\n<a href=\"https:\/\/slovenci.rs\/sl\/irina-maksimovic-sasic-prilog-obelezavanju-jubileja-pregled-zvucne-arhivske-gradje-zlatana-vaude-u-fonoteci-radio-beograda\/\" target=\"_blank\" rel=\"noopener\"><em>Prilog obele\u017eavanju jubileja \u2013 <\/em>Pregled zvu\u010dne arhivske gra\u0111e Zlatana Vaude u Fonoteci Radio Beograda \/ <em>Prispevek k jubileju <\/em>\u2013 Pregled zvo\u010dnega arhivskega gradiva Zlatana Vaude v Fonoteki Radio Beograda<\/a><\/p>\n<p>&nbsp;<\/p>\n<p><strong>Varia \/ Varia<\/strong><\/p>\n<p>Helena Rill<br \/>\n<a href=\"https:\/\/slovenci.rs\/sl\/helena-rill-knedla-u-grlu-kompleksne-putanje-ljudskih-sudbina-mogu-li-se-naucno-prepoznati-cetvrti-deo\/\">Knedla u grlu \u2013 Kompleksne putanje ljudskih sudbina: mogu li se nau\u010dno prepoznati? \u010cetvrti deo \/ Cmok v grlu \u2013 Kompleksne poti \u010dlove\u0161kih usod: jih je mogo\u010de znanstveno prepoznati? \u010cetrti del<\/a><\/p>\n<p>Darko Ilin<br \/>\n<a href=\"https:\/\/slovenci.rs\/sl\/darko-ilin-wikisource-platforma-kao-biblioteka-slovenacke-knjizevnosti-i-kulture\/\" target=\"_blank\" rel=\"noopener\">Wikisource platforma kao biblioteka slovena\u010dke knji\u017eevnosti i kulture \/ Wikisource platforma kot knji\u017enica slovenske knji\u017eevnosti in kulture<\/a><\/p>\n<p>Tja\u0161a Marke\u017ei\u010d<br \/>\n<a href=\"https:\/\/slovenci.rs\/sl\/tjasa-markezic-sticisce-slovanskih-jezikov-pri-pouku-slovenscine-v-gimnaziji\/\" target=\"_blank\" rel=\"noopener\">Sti\u010di\u0161\u010de slovanskih jezikov pri pouku sloven\u0161\u010dine v gimnaziji \/ Slovenski jezici prilikom u\u010denja slovena\u010dkog jezika u gimnaziji<\/a><\/p>\n<p>Goran An\u0111elkovi\u0107<br \/>\n<a href=\"https:\/\/slovenci.rs\/sl\/goran-andjelkovic-arhitektura-vzgojnovarstvenega-zavoda-v-novobeograjskem-stavbnem-otoku-28\/\">Arhitektura vzgojnovarstvenega zavoda v novobeograjskem stavbnem otoku 28 \/ \u0410\u0440\u0445\u0438\u0442\u0435\u043a\u0442\u0443\u0440\u0430 \u043f\u0440\u0435\u0434\u0448\u043a\u043e\u043b\u0441\u043a\u0435 \u0443\u0441\u0442\u0430\u043d\u043e\u0432\u0435 \u0443 \u043d\u043e\u0432\u043e\u0431\u0435\u043e\u0433\u0440\u0430\u0434\u0441\u043a\u043e\u043c \u0411\u043b\u043e\u043a\u0443 28<\/a><\/p>\n<p>&nbsp;<\/p>\n<p><strong>Hronika i prikazi \/ Kronika in prikazi<\/strong><\/p>\n<p>Milina Ivanovi\u0107 Bari\u0161i\u0107<br \/>\n<a href=\"https:\/\/slovenci.rs\/sl\/milina-ivanovic-barisic-bela-krajina-srbi-u-sloveniji-naselja-i-poreklo-stanovnistva-obicaji\/\"><em>Bela Krajina. Srbi u Sloveniji: Naselja i poreklo stanovni\u0161tva, obi\u010daji <\/em>\/ <em>Bela krajina. Srbi v Sloveniji: Naselja in poreklo prebivalstva, obi\u010daji<\/em><\/a><\/p>\n<p>Darko Ilin<br \/>\n<a href=\"https:\/\/slovenci.rs\/sl\/darko-ilin-srpski-i-slovenacki-postmodernizam-oci-u-oci\/\">Srpski i slovena\u010dki postmodernizam o\u010di u o\u010di \/ Srbski in slovenski postmodernizem iz o\u010di v o\u010di<\/a><\/p>\n<p>Bo\u0161tjan Bo\u017ei\u010d<br \/>\n<a href=\"https:\/\/slovenci.rs\/sl\/bostjan-bozic-prikaz-slovenskega-slovarja-krajsav\/\" target=\"_blank\" rel=\"noopener\">Prikaz <em>Slovenskega slovarja kraj\u0161av <\/em>\/ Prikaz <em>Slovena\u010dkog re\u010dnika skra\u0107enica<\/em><\/a><\/p>\n<p>Natalija Ul\u010dnik<br \/>\n<a href=\"https:\/\/slovenci.rs\/sl\/natalija-ulcnik-slovenscina-na-dlani-inovativno-e-okolje-za-ucenje-slovenscine\/\"><em>Sloven\u0161\u010dina na dlani <\/em>\u2013 inovativno e-okolje za u\u010denje sloven\u0161\u010dine \/ <em>Sloven\u0161\u010dina na dlani <\/em>\u2013 inovativno e-okru\u017eenje za u\u010denje slovena\u010dkog jezika<\/a><\/p>\n<p>Ljiljana Memon<br \/>\n<a href=\"https:\/\/slovenci.rs\/sl\/ljiljana-memon-razstava-znameniti-slovenci-v-beogradu\/\" target=\"_blank\" rel=\"noopener\">Razstava \u00bbZnameniti Slovenci v Beogradu\u00ab \/ Izlo\u017eba \u201eZnameniti Slovenci u Beogradu\u201c<\/a><\/p>\n<p>&nbsp;<\/p>\n<p><a href=\"https:\/\/slovenci.rs\/wp-content\/uploads\/2024\/01\/BELESKE_O_AUTORIMA_Slovenika_IX.pdf\" target=\"_blank\" rel=\"noopener\">Bele\u0161ke o autorima \/ Podatki o avtorjih<\/a><\/p>\n<p><a href=\"https:\/\/slovenci.rs\/wp-content\/uploads\/2024\/01\/IZDAVACKI_SAVET_Slovenika_IX.pdf\" target=\"_blank\" rel=\"noopener\">Izdava\u010dki savet i lista recenzenata: imena i afilijacije \/ Svet \u010dasopisa in seznam recenzentov: naslov in afiliacije<\/a><\/p>\n<p><a href=\"https:\/\/slovenci.rs\/wp-content\/uploads\/2024\/01\/POLITIKA_CASOPISA-SRP_Slovenika_IX.pdf\" target=\"_blank\" rel=\"noopener\">Politika \u010dasopisa i uputstvo autorima<\/a> \/ <a href=\"https:\/\/slovenci.rs\/wp-content\/uploads\/2024\/01\/POLITIKA_CASOPISA-SLO_Slovenika_IX.pdf\" target=\"_blank\" rel=\"noopener\">Politika \u010dasopisa in navodila avtorjem<\/a> \/ <a href=\"https:\/\/slovenci.rs\/wp-content\/uploads\/2024\/01\/JOURNAL_POLICY_Slovenika_IX.pdf\" target=\"_blank\" rel=\"noopener\">Journal policy and author quidelines<\/a><\/p>\n<p><em>Slovenika <\/em>prihva\u0107ena za objavljivanje na sastanku Izdava\u010dkog saveta, 18. 12. 2023. godine \/ <em>Slovenika<\/em> sprejeta za objavo na sestanku Svetovalnega odbora 18. 12. 2023<\/p>\n<p>\u010casopis <em>Slovenika<\/em> je indeksiran u\/v: ERIH PLUS \u2013 European Reference Index for the Humanities; MKS lista \u2013 \u0420\u0435\u0444\u0435\u0440\u0435\u043d\u0442\u043d\u044b\u0439 \u043f\u0435\u0440\u0435\u0447\u0435\u043d\u044c \u0441\u043b\u0430\u0432\u0438\u0441\u0442\u0438\u0447\u0435\u0441\u043a\u0438\u0445 \u0436\u0443\u0440\u043d\u0430\u043b\u043e\u0432 \u043f\u0440\u0438 \u041c\u041a\u0421; DOAJ \u2013 Directory of Open Access Journals; WorldCat OCLC \u2013 Online Computer Library Center.<\/p>\n<p>Izdavanje publikacije finansirano je iz sredstava Ministarstva za ljudska i manjinska prava i dru\u0161tveni dijalog, Ministarstva kulture Republike Srbije, Kancelarije Vlade Republike Slovenije za Slovence u okru\u017eenju i po svetu i Nacionalnog saveta slovena\u010dke nacionalne manjine u Republici Srbiji \/ Izid publikacije je financiran s sredstvi Ministrstva za \u010dlovekove in manj\u0161inske pravice ter dru\u017ebeni dijalog, Ministrstva za kulturo Republike Srbije, Urada Vlade Republike Slovenije za Slovence v zamejstvu in po svetu in Nacionalnega sveta slovenske narodne manj\u0161ine v Republiki Srbiji.<\/p>\n<p>&nbsp;<\/p>","protected":false},"excerpt":{"rendered":"<p>Impresum Tema broja \/ Tema \u0161tevilke Povodom sto godina od ro\u0111enja Zlatana Vaude \/ Ob stoti obletnici rojstva Zlatana Vaude (urednica broja \/ urednica \u0161tevilke Teodora Trajkovi\u0107 &nbsp; Sadr\u017eaj \/ Vsebina Teodora Trajkovi\u0107 Uvodna re\u010d \/ Uvodnik \/ Editorial &nbsp; Nau\u010dni i stru\u010dni \u010dlanci \/ Znanstveni in strokovni \u010dlanki Anica Sabo Zlatan Vauda (1923\u20132010) \u2013 [&hellip;]<\/p>\n","protected":false},"author":1,"featured_media":0,"parent":0,"menu_order":0,"comment_status":"closed","ping_status":"closed","template":"","meta":{"footnotes":""},"class_list":["post-5450","page","type-page","status-publish","hentry","post"],"_links":{"self":[{"href":"https:\/\/slovenci.rs\/sl\/wp-json\/wp\/v2\/pages\/5450","targetHints":{"allow":["GET"]}}],"collection":[{"href":"https:\/\/slovenci.rs\/sl\/wp-json\/wp\/v2\/pages"}],"about":[{"href":"https:\/\/slovenci.rs\/sl\/wp-json\/wp\/v2\/types\/page"}],"author":[{"embeddable":true,"href":"https:\/\/slovenci.rs\/sl\/wp-json\/wp\/v2\/users\/1"}],"replies":[{"embeddable":true,"href":"https:\/\/slovenci.rs\/sl\/wp-json\/wp\/v2\/comments?post=5450"}],"version-history":[{"count":23,"href":"https:\/\/slovenci.rs\/sl\/wp-json\/wp\/v2\/pages\/5450\/revisions"}],"predecessor-version":[{"id":5536,"href":"https:\/\/slovenci.rs\/sl\/wp-json\/wp\/v2\/pages\/5450\/revisions\/5536"}],"wp:attachment":[{"href":"https:\/\/slovenci.rs\/sl\/wp-json\/wp\/v2\/media?parent=5450"}],"curies":[{"name":"wp","href":"https:\/\/api.w.org\/{rel}","templated":true}]}}

<p style="text-align: center;"><img loading="lazy" decoding="async" class="aligncenter size-full wp-image-5442" src="https://slovenci.rs/wp-content/uploads/2024/01/slovenika9-e1705086971999.png" alt="Slovenika 9" width="206" height="300" /></p>
<p><a href="https://slovenci.rs/sl/impresum-slovenika-9/" target="_blank" rel="noopener">Impresum</a></p>
<p>Tema broja / Tema številke</p>
<p><strong>Povodom sto godina od rođenja Zlatana Vaude / Ob stoti obletnici rojstva Zlatana Vaude<br />
</strong>(urednica broja / urednica številke Teodora Trajković</p>
<p>&nbsp;</p>
<h3>Sadržaj / Vsebina</h3>
<p>Teodora Trajković<br />
<a href="https://slovenci.rs/sl/teodora-trajkovic-uvodna-rec-uvodnik-editorial/" target="_blank" rel="noopener">Uvodna reč / Uvodnik / Editorial</a></p>
<p>&nbsp;</p>
<p><strong>Naučni i stručni članci / Znanstveni in strokovni članki</strong></p>
<p>Anica Sabo<br />
<a href="https://slovenci.rs/sl/anica-sabo-zlatan-vauda-1923-2010-retrospekcije-izazovi-tumacenja-muzickog-toka/" target="_blank" rel="noopener">Zlatan Vauda (1923–2010) – <em>Retrospekcije</em>: izazovi tumačenja muzičkog toka / Zlatan Vauda (1923–2010) – <em>Retrospekcije</em>: izzivi tolmačenja glasbenega toka</a></p>
<p>Vanja Grbović<br />
<a href="https://slovenci.rs/sl/vanja-grbovic-decja-opera-jezeva-kuca-zlatana-vaude-u-svetlu-razlicitih-interpretacija/" target="_blank" rel="noopener">Dečja opera „Ježeva kuća“ Zlatana Vaude u svetlu različitih interpretacija / Otroška opera <em>Ježeva hišica </em>Zlatana Vaude v luči različnih interpretacij</a></p>
<p>Karmen Salmič Kovačič<br />
<a href="https://slovenci.rs/sl/karmen-salmic-kovacic-zlatan-vauda-in-njegov-opus-med-dvema-domovinama/" target="_blank" rel="noopener">Zlatan Vauda in njegov opus med dvema domovinama / Zlatan Vauda i njegov opus između dve domovine</a></p>
<p>Aleksandra Paladin<br />
<a href="https://slovenci.rs/sl/aleksandra-paladin-zlatan-vauda-dirigent-decjeg-hora-radio-televizije-beograd/" target="_blank" rel="noopener">Zlatan Vauda – dirigent Dečjeg hora Radio-televizije Beograd / Zlatan Vauda – dirigent Otroškega zbora Radio-televizije Beograd</a></p>
<p>Nina Aksić<br />
<a href="https://slovenci.rs/sl/nina-aksic-oslusnimo-koncertni-plakat-i-program-zlatan-vauda-i-decji-hor-rtb/" target="_blank" rel="noopener">Oslušnimo koncertni plakat i program: Zlatan Vauda i Dečji hor RTB / Prisluhnimo koncertnemu plakatu in programu: Zlatan Vauda in Otroški zbor RTB</a></p>
<p>Irina Maksimović Šašić<br />
<a href="https://slovenci.rs/sl/irina-maksimovic-sasic-prilog-obelezavanju-jubileja-pregled-zvucne-arhivske-gradje-zlatana-vaude-u-fonoteci-radio-beograda/" target="_blank" rel="noopener"><em>Prilog obeležavanju jubileja – </em>Pregled zvučne arhivske građe Zlatana Vaude u Fonoteci Radio Beograda / <em>Prispevek k jubileju </em>– Pregled zvočnega arhivskega gradiva Zlatana Vaude v Fonoteki Radio Beograda</a></p>
<p>&nbsp;</p>
<p><strong>Varia / Varia</strong></p>
<p>Helena Rill<br />
<a href="https://slovenci.rs/sl/helena-rill-knedla-u-grlu-kompleksne-putanje-ljudskih-sudbina-mogu-li-se-naucno-prepoznati-cetvrti-deo/">Knedla u grlu – Kompleksne putanje ljudskih sudbina: mogu li se naučno prepoznati? Četvrti deo / Cmok v grlu – Kompleksne poti človeških usod: jih je mogoče znanstveno prepoznati? Četrti del</a></p>
<p>Darko Ilin<br />
<a href="https://slovenci.rs/sl/darko-ilin-wikisource-platforma-kao-biblioteka-slovenacke-knjizevnosti-i-kulture/" target="_blank" rel="noopener">Wikisource platforma kao biblioteka slovenačke književnosti i kulture / Wikisource platforma kot knjižnica slovenske književnosti in kulture</a></p>
<p>Tjaša Markežič<br />
<a href="https://slovenci.rs/sl/tjasa-markezic-sticisce-slovanskih-jezikov-pri-pouku-slovenscine-v-gimnaziji/" target="_blank" rel="noopener">Stičišče slovanskih jezikov pri pouku slovenščine v gimnaziji / Slovenski jezici prilikom učenja slovenačkog jezika u gimnaziji</a></p>
<p>Goran Anđelković<br />
<a href="https://slovenci.rs/sl/goran-andjelkovic-arhitektura-vzgojnovarstvenega-zavoda-v-novobeograjskem-stavbnem-otoku-28/">Arhitektura vzgojnovarstvenega zavoda v novobeograjskem stavbnem otoku 28 / Архитектура предшколске установе у новобеоградском Блоку 28</a></p>
<p>&nbsp;</p>
<p><strong>Hronika i prikazi / Kronika in prikazi</strong></p>
<p>Milina Ivanović Barišić<br />
<a href="https://slovenci.rs/sl/milina-ivanovic-barisic-bela-krajina-srbi-u-sloveniji-naselja-i-poreklo-stanovnistva-obicaji/"><em>Bela Krajina. Srbi u Sloveniji: Naselja i poreklo stanovništva, običaji </em>/ <em>Bela krajina. Srbi v Sloveniji: Naselja in poreklo prebivalstva, običaji</em></a></p>
<p>Darko Ilin<br />
<a href="https://slovenci.rs/sl/darko-ilin-srpski-i-slovenacki-postmodernizam-oci-u-oci/">Srpski i slovenački postmodernizam oči u oči / Srbski in slovenski postmodernizem iz oči v oči</a></p>
<p>Boštjan Božič<br />
<a href="https://slovenci.rs/sl/bostjan-bozic-prikaz-slovenskega-slovarja-krajsav/" target="_blank" rel="noopener">Prikaz <em>Slovenskega slovarja krajšav </em>/ Prikaz <em>Slovenačkog rečnika skraćenica</em></a></p>
<p>Natalija Ulčnik<br />
<a href="https://slovenci.rs/sl/natalija-ulcnik-slovenscina-na-dlani-inovativno-e-okolje-za-ucenje-slovenscine/"><em>Slovenščina na dlani </em>– inovativno e-okolje za učenje slovenščine / <em>Slovenščina na dlani </em>– inovativno e-okruženje za učenje slovenačkog jezika</a></p>
<p>Ljiljana Memon<br />
<a href="https://slovenci.rs/sl/ljiljana-memon-razstava-znameniti-slovenci-v-beogradu/" target="_blank" rel="noopener">Razstava »Znameniti Slovenci v Beogradu« / Izložba „Znameniti Slovenci u Beogradu“</a></p>
<p>&nbsp;</p>
<p><a href="https://slovenci.rs/wp-content/uploads/2024/01/BELESKE_O_AUTORIMA_Slovenika_IX.pdf" target="_blank" rel="noopener">Beleške o autorima / Podatki o avtorjih</a></p>
<p><a href="https://slovenci.rs/wp-content/uploads/2024/01/IZDAVACKI_SAVET_Slovenika_IX.pdf" target="_blank" rel="noopener">Izdavački savet i lista recenzenata: imena i afilijacije / Svet časopisa in seznam recenzentov: naslov in afiliacije</a></p>
<p><a href="https://slovenci.rs/wp-content/uploads/2024/01/POLITIKA_CASOPISA-SRP_Slovenika_IX.pdf" target="_blank" rel="noopener">Politika časopisa i uputstvo autorima</a> / <a href="https://slovenci.rs/wp-content/uploads/2024/01/POLITIKA_CASOPISA-SLO_Slovenika_IX.pdf" target="_blank" rel="noopener">Politika časopisa in navodila avtorjem</a> / <a href="https://slovenci.rs/wp-content/uploads/2024/01/JOURNAL_POLICY_Slovenika_IX.pdf" target="_blank" rel="noopener">Journal policy and author quidelines</a></p>
<p><em>Slovenika </em>prihvaćena za objavljivanje na sastanku Izdavačkog saveta, 18. 12. 2023. godine / <em>Slovenika</em> sprejeta za objavo na sestanku Svetovalnega odbora 18. 12. 2023</p>
<p>Časopis <em>Slovenika</em> je indeksiran u/v: ERIH PLUS – European Reference Index for the Humanities; MKS lista – Референтный перечень славистических журналов при МКС; DOAJ – Directory of Open Access Journals; WorldCat OCLC – Online Computer Library Center.</p>
<p>Izdavanje publikacije finansirano je iz sredstava Ministarstva za ljudska i manjinska prava i društveni dijalog, Ministarstva kulture Republike Srbije, Kancelarije Vlade Republike Slovenije za Slovence u okruženju i po svetu i Nacionalnog saveta slovenačke nacionalne manjine u Republici Srbiji / Izid publikacije je financiran s sredstvi Ministrstva za človekove in manjšinske pravice ter družbeni dijalog, Ministrstva za kulturo Republike Srbije, Urada Vlade Republike Slovenije za Slovence v zamejstvu in po svetu in Nacionalnega sveta slovenske narodne manjšine v Republiki Srbiji.</p>
<p>&nbsp;</p>

<p>Impresum Tema broja / Tema številke Povodom sto godina od rođenja Zlatana Vaude / Ob stoti obletnici rojstva Zlatana Vaude (urednica broja / urednica številke Teodora Trajković &nbsp; Sadržaj / Vsebina Teodora Trajković Uvodna reč / Uvodnik / Editorial &nbsp; Naučni i stručni članci / Znanstveni in strokovni članki Anica Sabo Zlatan Vauda (1923–2010) – [&hellip;]</p>
