{"id":5507,"date":"2024-01-24T03:37:45","date_gmt":"2024-01-24T02:37:45","guid":{"rendered":"https:\/\/slovenci.rs\/?page_id=5507"},"modified":"2024-01-24T03:37:45","modified_gmt":"2024-01-24T02:37:45","slug":"helena-rill-knedla-u-grlu-kompleksne-putanje-ljudskih-sudbina-mogu-li-se-naucno-prepoznati-cetvrti-deo","status":"publish","type":"page","link":"https:\/\/slovenci.rs\/sl\/helena-rill-knedla-u-grlu-kompleksne-putanje-ljudskih-sudbina-mogu-li-se-naucno-prepoznati-cetvrti-deo\/","title":{"rendered":"HELENA RILL, KNEDLA U GRLU \u2013 KOMPLEKSNE PUTANJE LJUDSKIH SUDBINA: MOGU LI SE NAU\u010cNO PREPOZNATI? \u010cETVRTI DEO"},"content":{"rendered":"<p style=\"text-align: right;\">Slovenika IX (2023) 183-193<br \/>\nPregledni rad<br \/>\nUDK: 316.728:314.15.044-055.2(497.4)(093.3)<br \/>\n392.61(497.4:497.11)(093.3)<br \/>\nPrimljeno \/ Prejeto \/ Received: 20. 07. 2023.<br \/>\nPrihva\u0107eno \/ Sprejeto \/ Accepted: 23. 11. 2023.<br \/>\n<a href=\"https:\/\/slovenci.rs\/wp-content\/uploads\/2024\/01\/RILL_Slovenika_IX.pdf\" target=\"_blank\" rel=\"noopener\">\u010clanak (PDF) | \u010clanek (PDF) | Paper (PDF)<\/a><\/p>\n<p style=\"text-align: right;\">DOI: <a href=\"https:\/\/doi.org\/10.18485\/slovenika.2023.9.1.7\" target=\"_blank\" rel=\"noopener\">https:\/\/doi.org\/10.18485\/slovenika.2023.9.1.7<\/a><\/p>\n<p>&nbsp;<\/p>\n<p>Helena Rill<br \/>\nCentar za nenasilnu akciju (CNA)<br \/>\nBeograd, Srbija<br \/>\n<a href=\"mailto:Helena.rill@gmail.com\">Helena.rill@gmail.com<\/a><\/p>\n<h4>Knedla u grlu Kompleksne putanje ljudskih sudbina: mogu li se nau\u010dno prepoznati? \u010cetvrti deo<\/h4>\n<p><em>Sa\u017eetak<\/em>: Prilog predstavlja \u010detvrti nastavak, tj. \u010detvrti razgovor koji je autor\u043aa vodila metodom usmenih intervjua sa \u017eenama koje su se iz Slovenije preselile u Srbiju. Usmerena ne samo na intimnu, li\u010dnu pri\u010du svojih sagovornica, autorka za svaki od ovih objavljenih intervjua pi\u0161e raspravu o tome mogu li ovakvi razgovori imati nau\u010dnu vrednost i \u0161ta nam mogu otkriti na individualnom, ali i kolektivnom planu. Ovaj uvodni tekst upravo se i bavi aspektima koji na osoben na\u010din povezuju individualno i kolektivno, upoznaju\u0107i nas sa perspektivom socijalne psihologije koja prepoznaje zna\u010daj zajednice, kako kolektivni, tako i individualni. U tom smislu tekst se bavi i zna\u010dajem koje razli\u010dita udru\u017eenja i dru\u0161tva Slovenaca imaju za pripadnike slovena\u010dke zajednice. Iako s fokusom na dru\u0161tveni plan, ovaj tekst ima za cilj da skrene pa\u017enju upravo na li\u010dni aspect, koji nam omogu\u0107ava najdublje me\u0111usobno razumevanje.<\/p>\n<p><em>Klju\u010dne re\u010di<\/em>: \u017eene, udru\u017eenja Slovenaca, individualno, kolektivno, socijalna psihologija<\/p>\n<p>&nbsp;<\/p>\n<p>Helena Rill<br \/>\nCenter za nenasilno akcijo (CNA)<br \/>\nBeograd, Srbija<br \/>\n<a href=\"mailto:Helena.rill@gmail.com\">Helena.rill@gmail.com<\/a><\/p>\n<h4>CMOK V GRLU KOMPLEKSNE POTI \u010cLOVE\u0160KIH USOD: JIH JE MOGO\u010cE ZNANSTVENO PREPOZNATI? \u010cETRTI DEL<\/h4>\n<p><em>Povzetek<\/em>: Prispevek je \u010detrto nadaljevanje, oziroma \u010detrti pogovor, katerega je avtorica opravila z metodo ustnega intervjuja z \u017eenskami, ki so se iz Slovenije preselile v Srbijo. Usmerjena ne samo na intimno, osebno zgodbo svojih sogovork, avtorica za vsakega od teh objavljenih intervjujev pi\u0161e razpravo o tem, ali tak\u0161ni pogovori imajo znanstveno vrednost in kaj nam lahko razkrijejo na individualni ter kolektivni ravni. To uvodno besedilo se ukvarja z vidiki, ki na poseben na\u010din povezujejo individualno in kolektivno, ter nas seznanjajo s perspektivo socialne psihologije, ki prepozna pomen skupnosti, tako kolektivne, kot individualne. V tem smislu se besedilo ukvarja tudi s pomenom, ki ga imajo razli\u010dna zdru\u017eenja in dru\u0161tva Slovencev za pripadnike slovenske skupnosti. \u010ceprav fokusiran na dru\u017ebeno raven, besedilo ima namen opozoriti ravno na osebni vidik, ki nam omogo\u010da najglobje medsebojno razumevanje.<\/p>\n<p><em>Klju\u010dne besede<\/em>: \u017eenske, zdru\u017eenja Slovencev, individualno, kolektivno, socialna psihologija<\/p>\n<p>&nbsp;<\/p>\n<p>Helena Rill<br \/>\nCentre for Nonviolent Action (CNA)<br \/>\nBelgrade, Serbia<br \/>\n<a href=\"mailto:Helena.rill@gmail.com\">Helena.rill@gmail.com<\/a><\/p>\n<h4>A LUMP IN THE THROAT COMPLEX TRAJECTORIES OF HUMAN DESTINIES: IS IT POSSIBLE TO IDENTIFY THEM USING SCIENTIFIC METHODS? PART 4<\/h4>\n<p><em>Abstract<\/em>: The paper is the fourth section, i.e. the fourth conversation conducted by the author using the method of oral interview with women who moved from Slovenia to Serbia. Focusing not only on the intimate, personal stories of her interlocutors, the author accompanies each published interview with a discussion on whether such conversations can have a scholarly value and what they can reveal to us on both individual and collective levels. This introductory text covers the aspects that connect the individual and the collective in a special way, introducing us to the perspective of social psychology, which recognizes the importance of community, both collective and individual. In this respect, the paper also addresses the importance of various Slovenian associations and societies for the members of the Slovenian community. Although it primarily focuses on the social plane, this paper seeks to draw attention to the personal aspect, allowing for the deepest mutual understanding.<\/p>\n<p><em>Keywords<\/em>: women, Slovenian associations, individual, collective, social psychology<\/p>","protected":false},"excerpt":{"rendered":"<p>Slovenika IX (2023) 183-193 Pregledni rad UDK: 316.728:314.15.044-055.2(497.4)(093.3) 392.61(497.4:497.11)(093.3) Primljeno \/ Prejeto \/ Received: 20. 07. 2023. Prihva\u0107eno \/ Sprejeto \/ Accepted: 23. 11. 2023. \u010clanak (PDF) | \u010clanek (PDF) | Paper (PDF) DOI: https:\/\/doi.org\/10.18485\/slovenika.2023.9.1.7 &nbsp; Helena Rill Centar za nenasilnu akciju (CNA) Beograd, Srbija Helena.rill@gmail.com Knedla u grlu Kompleksne putanje ljudskih sudbina: mogu li [&hellip;]<\/p>\n","protected":false},"author":1,"featured_media":0,"parent":0,"menu_order":0,"comment_status":"closed","ping_status":"closed","template":"","meta":{"footnotes":""},"class_list":["post-5507","page","type-page","status-publish","hentry","post"],"_links":{"self":[{"href":"https:\/\/slovenci.rs\/sl\/wp-json\/wp\/v2\/pages\/5507","targetHints":{"allow":["GET"]}}],"collection":[{"href":"https:\/\/slovenci.rs\/sl\/wp-json\/wp\/v2\/pages"}],"about":[{"href":"https:\/\/slovenci.rs\/sl\/wp-json\/wp\/v2\/types\/page"}],"author":[{"embeddable":true,"href":"https:\/\/slovenci.rs\/sl\/wp-json\/wp\/v2\/users\/1"}],"replies":[{"embeddable":true,"href":"https:\/\/slovenci.rs\/sl\/wp-json\/wp\/v2\/comments?post=5507"}],"version-history":[{"count":1,"href":"https:\/\/slovenci.rs\/sl\/wp-json\/wp\/v2\/pages\/5507\/revisions"}],"predecessor-version":[{"id":5508,"href":"https:\/\/slovenci.rs\/sl\/wp-json\/wp\/v2\/pages\/5507\/revisions\/5508"}],"wp:attachment":[{"href":"https:\/\/slovenci.rs\/sl\/wp-json\/wp\/v2\/media?parent=5507"}],"curies":[{"name":"wp","href":"https:\/\/api.w.org\/{rel}","templated":true}]}}

HELENA RILL, KNEDLA U GRLU – KOMPLEKSNE PUTANJE LJUDSKIH SUDBINA: MOGU LI SE NAUČNO PREPOZNATI? ČETVRTI DEO

<p style="text-align: right;">Slovenika IX (2023) 183-193<br />
Pregledni rad<br />
UDK: 316.728:314.15.044-055.2(497.4)(093.3)<br />
392.61(497.4:497.11)(093.3)<br />
Primljeno / Prejeto / Received: 20. 07. 2023.<br />
Prihvaćeno / Sprejeto / Accepted: 23. 11. 2023.<br />
<a href="https://slovenci.rs/wp-content/uploads/2024/01/RILL_Slovenika_IX.pdf" target="_blank" rel="noopener">Članak (PDF) | Članek (PDF) | Paper (PDF)</a></p>
<p style="text-align: right;">DOI: <a href="https://doi.org/10.18485/slovenika.2023.9.1.7" target="_blank" rel="noopener">https://doi.org/10.18485/slovenika.2023.9.1.7</a></p>
<p>&nbsp;</p>
<p>Helena Rill<br />
Centar za nenasilnu akciju (CNA)<br />
Beograd, Srbija<br />
<a href="mailto:Helena.rill@gmail.com">Helena.rill@gmail.com</a></p>
<h4>Knedla u grlu Kompleksne putanje ljudskih sudbina: mogu li se naučno prepoznati? Četvrti deo</h4>
<p><em>Sažetak</em>: Prilog predstavlja četvrti nastavak, tj. četvrti razgovor koji je autorкa vodila metodom usmenih intervjua sa ženama koje su se iz Slovenije preselile u Srbiju. Usmerena ne samo na intimnu, ličnu priču svojih sagovornica, autorka za svaki od ovih objavljenih intervjua piše raspravu o tome mogu li ovakvi razgovori imati naučnu vrednost i šta nam mogu otkriti na individualnom, ali i kolektivnom planu. Ovaj uvodni tekst upravo se i bavi aspektima koji na osoben način povezuju individualno i kolektivno, upoznajući nas sa perspektivom socijalne psihologije koja prepoznaje značaj zajednice, kako kolektivni, tako i individualni. U tom smislu tekst se bavi i značajem koje različita udruženja i društva Slovenaca imaju za pripadnike slovenačke zajednice. Iako s fokusom na društveni plan, ovaj tekst ima za cilj da skrene pažnju upravo na lični aspect, koji nam omogućava najdublje međusobno razumevanje.</p>
<p><em>Ključne reči</em>: žene, udruženja Slovenaca, individualno, kolektivno, socijalna psihologija</p>
<p>&nbsp;</p>
<p>Helena Rill<br />
Center za nenasilno akcijo (CNA)<br />
Beograd, Srbija<br />
<a href="mailto:Helena.rill@gmail.com">Helena.rill@gmail.com</a></p>
<h4>CMOK V GRLU KOMPLEKSNE POTI ČLOVEŠKIH USOD: JIH JE MOGOČE ZNANSTVENO PREPOZNATI? ČETRTI DEL</h4>
<p><em>Povzetek</em>: Prispevek je četrto nadaljevanje, oziroma četrti pogovor, katerega je avtorica opravila z metodo ustnega intervjuja z ženskami, ki so se iz Slovenije preselile v Srbijo. Usmerjena ne samo na intimno, osebno zgodbo svojih sogovork, avtorica za vsakega od teh objavljenih intervjujev piše razpravo o tem, ali takšni pogovori imajo znanstveno vrednost in kaj nam lahko razkrijejo na individualni ter kolektivni ravni. To uvodno besedilo se ukvarja z vidiki, ki na poseben način povezujejo individualno in kolektivno, ter nas seznanjajo s perspektivo socialne psihologije, ki prepozna pomen skupnosti, tako kolektivne, kot individualne. V tem smislu se besedilo ukvarja tudi s pomenom, ki ga imajo različna združenja in društva Slovencev za pripadnike slovenske skupnosti. Čeprav fokusiran na družbeno raven, besedilo ima namen opozoriti ravno na osebni vidik, ki nam omogoča najglobje medsebojno razumevanje.</p>
<p><em>Ključne besede</em>: ženske, združenja Slovencev, individualno, kolektivno, socialna psihologija</p>
<p>&nbsp;</p>
<p>Helena Rill<br />
Centre for Nonviolent Action (CNA)<br />
Belgrade, Serbia<br />
<a href="mailto:Helena.rill@gmail.com">Helena.rill@gmail.com</a></p>
<h4>A LUMP IN THE THROAT COMPLEX TRAJECTORIES OF HUMAN DESTINIES: IS IT POSSIBLE TO IDENTIFY THEM USING SCIENTIFIC METHODS? PART 4</h4>
<p><em>Abstract</em>: The paper is the fourth section, i.e. the fourth conversation conducted by the author using the method of oral interview with women who moved from Slovenia to Serbia. Focusing not only on the intimate, personal stories of her interlocutors, the author accompanies each published interview with a discussion on whether such conversations can have a scholarly value and what they can reveal to us on both individual and collective levels. This introductory text covers the aspects that connect the individual and the collective in a special way, introducing us to the perspective of social psychology, which recognizes the importance of community, both collective and individual. In this respect, the paper also addresses the importance of various Slovenian associations and societies for the members of the Slovenian community. Although it primarily focuses on the social plane, this paper seeks to draw attention to the personal aspect, allowing for the deepest mutual understanding.</p>
<p><em>Keywords</em>: women, Slovenian associations, individual, collective, social psychology</p>

<p>Slovenika IX (2023) 183-193 Pregledni rad UDK: 316.728:314.15.044-055.2(497.4)(093.3) 392.61(497.4:497.11)(093.3) Primljeno / Prejeto / Received: 20. 07. 2023. Prihvaćeno / Sprejeto / Accepted: 23. 11. 2023. Članak (PDF) | Članek (PDF) | Paper (PDF) DOI: https://doi.org/10.18485/slovenika.2023.9.1.7 &nbsp; Helena Rill Centar za nenasilnu akciju (CNA) Beograd, Srbija Helena.rill@gmail.com Knedla u grlu Kompleksne putanje ljudskih sudbina: mogu li [&hellip;]</p>
