{"id":5513,"date":"2024-01-24T03:43:40","date_gmt":"2024-01-24T02:43:40","guid":{"rendered":"https:\/\/slovenci.rs\/?page_id=5513"},"modified":"2024-01-24T03:43:40","modified_gmt":"2024-01-24T02:43:40","slug":"milina-ivanovic-barisic-bela-krajina-srbi-u-sloveniji-naselja-i-poreklo-stanovnistva-obicaji","status":"publish","type":"page","link":"https:\/\/slovenci.rs\/sl\/milina-ivanovic-barisic-bela-krajina-srbi-u-sloveniji-naselja-i-poreklo-stanovnistva-obicaji\/","title":{"rendered":"MILINA IVANOVI\u0106 BARI\u0160I\u0106, BELA KRAJINA. SRBI U SLOVENIJI: NASELJA I POREKLO STANOVNI\u0160TVA, OBI\u010cAJI"},"content":{"rendered":"<p style=\"text-align: right;\">Slovenika IX (2023) 255-258<br \/>\nPrikaz<\/p>\n<p>&nbsp;<\/p>\n<p>Milina Ivanovi\u0107 Bari\u0161i\u0107<br \/>\nEtnografski institut SANU<br \/>\nBeograd, Srbija<br \/>\n<a href=\"mailto:milina.ivanovic@gmail.com\">milina.ivanovic@gmail.com<\/a><\/p>\n<h4><em>Bela Krajina. Srbi u Sloveniji: Naselja i poreklo stanovni\u0161tva, obi\u010daji \/ Bela krajina. Srbi v Sloveniji: Naselja in poreklo prebivalstva, obi\u010daji<\/em><\/h4>\n<p><a href=\"https:\/\/slovenci.rs\/wp-content\/uploads\/2024\/01\/IVANOVIC-BARISIC_Slovenika_IX.pdf\" target=\"_blank\" rel=\"noopener\">\u010clanak (PDF) | \u010clanek (PDF) | Paper (PDF)<\/a><\/p>\n<p>&nbsp;<\/p>","protected":false},"excerpt":{"rendered":"<p>Slovenika IX (2023) 255-258 Prikaz &nbsp; Milina Ivanovi\u0107 Bari\u0161i\u0107 Etnografski institut SANU Beograd, Srbija milina.ivanovic@gmail.com Bela Krajina. Srbi u Sloveniji: Naselja i poreklo stanovni\u0161tva, obi\u010daji \/ Bela krajina. Srbi v Sloveniji: Naselja in poreklo prebivalstva, obi\u010daji \u010clanak (PDF) | \u010clanek (PDF) | Paper (PDF) &nbsp;<\/p>","protected":false},"author":1,"featured_media":0,"parent":0,"menu_order":0,"comment_status":"closed","ping_status":"closed","template":"","meta":{"footnotes":""},"class_list":["post-5513","page","type-page","status-publish","hentry","post"],"_links":{"self":[{"href":"https:\/\/slovenci.rs\/sl\/wp-json\/wp\/v2\/pages\/5513","targetHints":{"allow":["GET"]}}],"collection":[{"href":"https:\/\/slovenci.rs\/sl\/wp-json\/wp\/v2\/pages"}],"about":[{"href":"https:\/\/slovenci.rs\/sl\/wp-json\/wp\/v2\/types\/page"}],"author":[{"embeddable":true,"href":"https:\/\/slovenci.rs\/sl\/wp-json\/wp\/v2\/users\/1"}],"replies":[{"embeddable":true,"href":"https:\/\/slovenci.rs\/sl\/wp-json\/wp\/v2\/comments?post=5513"}],"version-history":[{"count":1,"href":"https:\/\/slovenci.rs\/sl\/wp-json\/wp\/v2\/pages\/5513\/revisions"}],"predecessor-version":[{"id":5514,"href":"https:\/\/slovenci.rs\/sl\/wp-json\/wp\/v2\/pages\/5513\/revisions\/5514"}],"wp:attachment":[{"href":"https:\/\/slovenci.rs\/sl\/wp-json\/wp\/v2\/media?parent=5513"}],"curies":[{"name":"wp","href":"https:\/\/api.w.org\/{rel}","templated":true}]}}

MILINA IVANOVIĆ BARIŠIĆ, BELA KRAJINA. SRBI U SLOVENIJI: NASELJA I POREKLO STANOVNIŠTVA, OBIČAJI

<p style="text-align: right;">Slovenika IX (2023) 255-258<br />
Prikaz</p>
<p>&nbsp;</p>
<p>Milina Ivanović Barišić<br />
Etnografski institut SANU<br />
Beograd, Srbija<br />
<a href="mailto:milina.ivanovic@gmail.com">milina.ivanovic@gmail.com</a></p>
<h4><em>Bela Krajina. Srbi u Sloveniji: Naselja i poreklo stanovništva, običaji / Bela krajina. Srbi v Sloveniji: Naselja in poreklo prebivalstva, običaji</em></h4>
<p><a href="https://slovenci.rs/wp-content/uploads/2024/01/IVANOVIC-BARISIC_Slovenika_IX.pdf" target="_blank" rel="noopener">Članak (PDF) | Članek (PDF) | Paper (PDF)</a></p>
<p>&nbsp;</p>

<p>Slovenika IX (2023) 255-258 Prikaz &nbsp; Milina Ivanović Barišić Etnografski institut SANU Beograd, Srbija milina.ivanovic@gmail.com Bela Krajina. Srbi u Sloveniji: Naselja i poreklo stanovništva, običaji / Bela krajina. Srbi v Sloveniji: Naselja in poreklo prebivalstva, običaji Članak (PDF) | Članek (PDF) | Paper (PDF) &nbsp;</p>
