{"id":5516,"date":"2024-01-24T03:46:23","date_gmt":"2024-01-24T02:46:23","guid":{"rendered":"https:\/\/slovenci.rs\/?page_id=5516"},"modified":"2024-01-24T04:00:18","modified_gmt":"2024-01-24T03:00:18","slug":"darko-ilin-srpski-i-slovenacki-postmodernizam-oci-u-oci","status":"publish","type":"page","link":"https:\/\/slovenci.rs\/sl\/darko-ilin-srpski-i-slovenacki-postmodernizam-oci-u-oci\/","title":{"rendered":"DARKO ILIN, SRPSKI I SLOVENA\u010cKI POSTMODERNIZAM O\u010cI U O\u010cI"},"content":{"rendered":"<p style=\"text-align: right;\">Slovenika IX (2023) 259-262<br \/>\nPrikaz<\/p>\n<p>Darko Ilin<br \/>\nUniverzitet u Novoj Gorici<br \/>\nIstra\u017eiva\u010dki centar za humanistiku<br \/>\nSlovenija<br \/>\n<a href=\"mailto:darko.ilin@ung.si\">darko.ilin@ung.si<\/a><\/p>\n<h4>Srpski i slovena\u010dki postmodernizam o\u010di u o\u010di \/ Srbski in slovenski postmodernizem iz o\u010di v o\u010di<\/h4>\n<p><a href=\"https:\/\/slovenci.rs\/wp-content\/uploads\/2024\/01\/ILIN_PRIKAZ_Slovenika_IX.pdf\" target=\"_blank\" rel=\"noopener\">\u010clanak (PDF) | \u010clanek (PDF) | Paper (PDF)<\/a><\/p>\n<p>&nbsp;<\/p>","protected":false},"excerpt":{"rendered":"<p>Slovenika IX (2023) 259-262 Prikaz Darko Ilin Univerzitet u Novoj Gorici Istra\u017eiva\u010dki centar za humanistiku Slovenija darko.ilin@ung.si Srpski i slovena\u010dki postmodernizam o\u010di u o\u010di \/ Srbski in slovenski postmodernizem iz o\u010di v o\u010di \u010clanak (PDF) | \u010clanek (PDF) | Paper (PDF) &nbsp;<\/p>","protected":false},"author":1,"featured_media":0,"parent":0,"menu_order":0,"comment_status":"closed","ping_status":"closed","template":"","meta":{"footnotes":""},"class_list":["post-5516","page","type-page","status-publish","hentry","post"],"_links":{"self":[{"href":"https:\/\/slovenci.rs\/sl\/wp-json\/wp\/v2\/pages\/5516","targetHints":{"allow":["GET"]}}],"collection":[{"href":"https:\/\/slovenci.rs\/sl\/wp-json\/wp\/v2\/pages"}],"about":[{"href":"https:\/\/slovenci.rs\/sl\/wp-json\/wp\/v2\/types\/page"}],"author":[{"embeddable":true,"href":"https:\/\/slovenci.rs\/sl\/wp-json\/wp\/v2\/users\/1"}],"replies":[{"embeddable":true,"href":"https:\/\/slovenci.rs\/sl\/wp-json\/wp\/v2\/comments?post=5516"}],"version-history":[{"count":2,"href":"https:\/\/slovenci.rs\/sl\/wp-json\/wp\/v2\/pages\/5516\/revisions"}],"predecessor-version":[{"id":5534,"href":"https:\/\/slovenci.rs\/sl\/wp-json\/wp\/v2\/pages\/5516\/revisions\/5534"}],"wp:attachment":[{"href":"https:\/\/slovenci.rs\/sl\/wp-json\/wp\/v2\/media?parent=5516"}],"curies":[{"name":"wp","href":"https:\/\/api.w.org\/{rel}","templated":true}]}}

DARKO ILIN, SRPSKI I SLOVENAČKI POSTMODERNIZAM OČI U OČI

<p style="text-align: right;">Slovenika IX (2023) 259-262<br />
Prikaz</p>
<p>Darko Ilin<br />
Univerzitet u Novoj Gorici<br />
Istraživački centar za humanistiku<br />
Slovenija<br />
<a href="mailto:darko.ilin@ung.si">darko.ilin@ung.si</a></p>
<h4>Srpski i slovenački postmodernizam oči u oči / Srbski in slovenski postmodernizem iz oči v oči</h4>
<p><a href="https://slovenci.rs/wp-content/uploads/2024/01/ILIN_PRIKAZ_Slovenika_IX.pdf" target="_blank" rel="noopener">Članak (PDF) | Članek (PDF) | Paper (PDF)</a></p>
<p>&nbsp;</p>

<p>Slovenika IX (2023) 259-262 Prikaz Darko Ilin Univerzitet u Novoj Gorici Istraživački centar za humanistiku Slovenija darko.ilin@ung.si Srpski i slovenački postmodernizam oči u oči / Srbski in slovenski postmodernizem iz oči v oči Članak (PDF) | Članek (PDF) | Paper (PDF) &nbsp;</p>
